{"id":18516,"date":"2021-04-20T22:27:34","date_gmt":"2021-04-21T03:27:34","guid":{"rendered":"http:\/\/119.8.7.19\/masterprom\/producto\/set-008-2\/"},"modified":"2021-04-20T22:27:34","modified_gmt":"2021-04-21T03:27:34","slug":"set-008-2","status":"publish","type":"product","link":"http:\/\/119.8.7.19\/masterprom\/producto\/set-008-2\/","title":{"rendered":"SET-008"},"content":{"rendered":"<p>Kit power bank Umbriel (incluye bater\u00eda auxiliar de 8000 mAh, cable compatible con USB y micro USB, cargador para autom\u00f3vil con 2 puertos USB, aud\u00edfonos y estuche.) 999<\/p>\n","protected":false},"excerpt":{"rendered":"<p>Kit power bank Umbriel (incluye bater\u00eda auxiliar de 8000 mAh, cable compatible con USB y micro USB, cargador para autom\u00f3vil con 2 puertos USB, aud\u00edfonos y estuche.) Negro Estuche \/ Blanco Accesorios<\/p>\n","protected":false},"featured_media":0,"comment_status":"closed","ping_status":"open","template":"","meta":[],"class_list":["post-18516","product","type-product","status-publish","hentry","product_cat-accesorios-viaje","product_cat-viaje","product_tag-promoopcion","pa_detalle-especifico-negro-estuche-blanco-accesorios"],"_links":{"self":[{"href":"http:\/\/119.8.7.19\/masterprom\/wp-json\/wp\/v2\/product\/18516","targetHints":{"allow":["GET"]}}],"collection":[{"href":"http:\/\/119.8.7.19\/masterprom\/wp-json\/wp\/v2\/product"}],"about":[{"href":"http:\/\/119.8.7.19\/masterprom\/wp-json\/wp\/v2\/types\/product"}],"replies":[{"embeddable":true,"href":"http:\/\/119.8.7.19\/masterprom\/wp-json\/wp\/v2\/comments?post=18516"}],"wp:attachment":[{"href":"http:\/\/119.8.7.19\/masterprom\/wp-json\/wp\/v2\/media?parent=18516"}],"curies":[{"name":"wp","href":"https:\/\/api.w.org\/{rel}","templated":true}]}}