{"id":18507,"date":"2021-04-20T22:27:31","date_gmt":"2021-04-21T03:27:31","guid":{"rendered":"http:\/\/119.8.7.19\/masterprom\/producto\/sin-091-2\/"},"modified":"2021-04-20T22:27:32","modified_gmt":"2021-04-21T03:27:32","slug":"sin-091-2","status":"publish","type":"product","link":"http:\/\/119.8.7.19\/masterprom\/producto\/sin-091-2\/","title":{"rendered":"SIN-091"},"content":{"rendered":"<p>Maleta devonport (maleta trolley 4 ruedas. cierre frontal con espacio para laptop y organizador de documentos. cierre principal con 2 compartimentos internos. placa met\u00e1lica removible para f\u00e1cil grabado y candado de seguridad con combinaci\u00f3n de 3 d\u00edgitos. ) 999<\/p>\n","protected":false},"excerpt":{"rendered":"<p>Maleta devonport (maleta trolley 4 ruedas. cierre frontal con espacio para laptop y organizador de documentos. cierre principal con 2 compartimentos internos. placa met\u00e1lica removible para f\u00e1cil grabado y candado de seguridad con combinaci\u00f3n de 3 d\u00edgitos. ) <\/p>\n","protected":false},"featured_media":0,"comment_status":"closed","ping_status":"open","template":"","meta":[],"class_list":["post-18507","product","type-product","status-publish","hentry","product_cat-accesorios-viaje","product_cat-viaje","product_tag-promoopcion"],"_links":{"self":[{"href":"http:\/\/119.8.7.19\/masterprom\/wp-json\/wp\/v2\/product\/18507","targetHints":{"allow":["GET"]}}],"collection":[{"href":"http:\/\/119.8.7.19\/masterprom\/wp-json\/wp\/v2\/product"}],"about":[{"href":"http:\/\/119.8.7.19\/masterprom\/wp-json\/wp\/v2\/types\/product"}],"replies":[{"embeddable":true,"href":"http:\/\/119.8.7.19\/masterprom\/wp-json\/wp\/v2\/comments?post=18507"}],"wp:attachment":[{"href":"http:\/\/119.8.7.19\/masterprom\/wp-json\/wp\/v2\/media?parent=18507"}],"curies":[{"name":"wp","href":"https:\/\/api.w.org\/{rel}","templated":true}]}}