{"id":18464,"date":"2021-04-20T22:27:24","date_gmt":"2021-04-21T03:27:24","guid":{"rendered":"http:\/\/119.8.7.19\/masterprom\/producto\/candados-de-pvc\/"},"modified":"2021-04-20T22:27:25","modified_gmt":"2021-04-21T03:27:25","slug":"candados-de-pvc","status":"publish","type":"product","link":"http:\/\/119.8.7.19\/masterprom\/producto\/candados-de-pvc\/","title":{"rendered":"CANDADOS DE PVC"},"content":{"rendered":"<p>Los candados son utilizados para colocar en manijas de las puertas, est\u00e1n elaboradas de uno de los pl\u00e1sticos m\u00e1s resistentes y duraderos hoy en d\u00eda. Este material hace que nuestros candados sean duraderas, resistentes y con la flexibilidad necesaria para evitar que se rompan o deformen en condiciones normales de uso. Los candados son impresos con una imagen de alta calidad, consistente, clara y definida, Acabado brillante (barniz UV). 999<\/p>\n","protected":false},"excerpt":{"rendered":"<p>Los candados son utilizados para colocar en manijas de las puertas, est\u00e1n elaboradas de uno de los pl\u00e1sticos m\u00e1s resistentes y duraderos hoy en d\u00eda. Este material hace que nuestros candados sean duraderas, resistentes y con la flexibilidad necesaria para evitar que se rompan o deformen en condiciones normales de uso. Los candados son impresos con una imagen de alta calidad, consistente, clara y definida, Acabado brillante (barniz UV). Medidas: 7.2 x 18.5 cm \/<br \/>\nGrosor: Calibre 25<\/p>\n","protected":false},"featured_media":0,"comment_status":"closed","ping_status":"open","template":"","meta":[],"class_list":["post-18464","product","type-product","status-publish","hentry","product_cat-accesorios-viaje","product_cat-viaje","product_tag-brazaletes-mexico","pa_detalle-especifico-medidas-7-2-x-18-5-cm-grosor-calibre-25"],"_links":{"self":[{"href":"http:\/\/119.8.7.19\/masterprom\/wp-json\/wp\/v2\/product\/18464","targetHints":{"allow":["GET"]}}],"collection":[{"href":"http:\/\/119.8.7.19\/masterprom\/wp-json\/wp\/v2\/product"}],"about":[{"href":"http:\/\/119.8.7.19\/masterprom\/wp-json\/wp\/v2\/types\/product"}],"replies":[{"embeddable":true,"href":"http:\/\/119.8.7.19\/masterprom\/wp-json\/wp\/v2\/comments?post=18464"}],"wp:attachment":[{"href":"http:\/\/119.8.7.19\/masterprom\/wp-json\/wp\/v2\/media?parent=18464"}],"curies":[{"name":"wp","href":"https:\/\/api.w.org\/{rel}","templated":true}]}}