{"id":18439,"date":"2021-04-20T22:27:21","date_gmt":"2021-04-21T03:27:21","guid":{"rendered":"http:\/\/119.8.7.19\/masterprom\/producto\/he-035\/"},"modified":"2021-04-20T22:27:22","modified_gmt":"2021-04-21T03:27:22","slug":"he-035","status":"publish","type":"product","link":"http:\/\/119.8.7.19\/masterprom\/producto\/he-035\/","title":{"rendered":"HE-035"},"content":{"rendered":"<p>Candado met\u00e1lico de combinaci\u00f3n num\u00e9rica y certificado tsa. 999<\/p>\n","protected":false},"excerpt":{"rendered":"<p>Candado met\u00e1lico de combinaci\u00f3n num\u00e9rica y certificado tsa. <\/p>\n","protected":false},"featured_media":0,"comment_status":"closed","ping_status":"open","template":"","meta":[],"class_list":["post-18439","product","type-product","status-publish","hentry","product_cat-accesorios-viaje","product_cat-viaje","product_tag-innova"],"_links":{"self":[{"href":"http:\/\/119.8.7.19\/masterprom\/wp-json\/wp\/v2\/product\/18439","targetHints":{"allow":["GET"]}}],"collection":[{"href":"http:\/\/119.8.7.19\/masterprom\/wp-json\/wp\/v2\/product"}],"about":[{"href":"http:\/\/119.8.7.19\/masterprom\/wp-json\/wp\/v2\/types\/product"}],"replies":[{"embeddable":true,"href":"http:\/\/119.8.7.19\/masterprom\/wp-json\/wp\/v2\/comments?post=18439"}],"wp:attachment":[{"href":"http:\/\/119.8.7.19\/masterprom\/wp-json\/wp\/v2\/media?parent=18439"}],"curies":[{"name":"wp","href":"https:\/\/api.w.org\/{rel}","templated":true}]}}