{"id":18373,"date":"2021-04-20T22:23:14","date_gmt":"2021-04-21T03:23:14","guid":{"rendered":"http:\/\/119.8.7.19\/masterprom\/producto\/a2443\/"},"modified":"2021-04-20T22:23:15","modified_gmt":"2021-04-21T03:23:15","slug":"a2443","status":"publish","type":"product","link":"http:\/\/119.8.7.19\/masterprom\/producto\/a2443\/","title":{"rendered":"A2443"},"content":{"rendered":"<p>Novedoso cubo antiestr\u00e9s donde en un solo objeto se unen diferentes t\u00e9cnicas de manipulaci\u00f3n manual que brindan relajamiento y ayudan a la regulaci\u00f3n de estado de \u00e1nimo. Las 6 caras incluyen variados de botones que se pueden apretar, girar, mover o reacomodar. Incluye correa para sostenerlo f\u00e1cilmente o para llevarlo en la mu\u00f1eca. <\/p>\n","protected":false},"excerpt":{"rendered":"<p>Novedoso cubo antiestr\u00e9s donde en un solo objeto se unen diferentes t\u00e9cnicas de manipulaci\u00f3n manual que brindan relajamiento y ayudan a la regulaci\u00f3n de estado de \u00e1nimo. Las 6 caras incluyen variados de botones que se pueden apretar, girar, mover o reacomodar. Incluye correa para sostenerlo f\u00e1cilmente o para llevarlo en la mu\u00f1eca. <\/p>\n","protected":false},"featured_media":0,"comment_status":"closed","ping_status":"open","template":"","meta":[],"class_list":["post-18373","product","type-product","status-publish","hentry","product_cat-anti-estres","product_cat-tiempo-libre","product_tag-winideas"],"_links":{"self":[{"href":"http:\/\/119.8.7.19\/masterprom\/wp-json\/wp\/v2\/product\/18373","targetHints":{"allow":["GET"]}}],"collection":[{"href":"http:\/\/119.8.7.19\/masterprom\/wp-json\/wp\/v2\/product"}],"about":[{"href":"http:\/\/119.8.7.19\/masterprom\/wp-json\/wp\/v2\/types\/product"}],"replies":[{"embeddable":true,"href":"http:\/\/119.8.7.19\/masterprom\/wp-json\/wp\/v2\/comments?post=18373"}],"wp:attachment":[{"href":"http:\/\/119.8.7.19\/masterprom\/wp-json\/wp\/v2\/media?parent=18373"}],"curies":[{"name":"wp","href":"https:\/\/api.w.org\/{rel}","templated":true}]}}