{"id":18357,"date":"2021-04-20T22:19:31","date_gmt":"2021-04-21T03:19:31","guid":{"rendered":"http:\/\/119.8.7.19\/masterprom\/producto\/pendones\/"},"modified":"2021-04-20T22:19:33","modified_gmt":"2021-04-21T03:19:33","slug":"pendones","status":"publish","type":"product","link":"http:\/\/119.8.7.19\/masterprom\/producto\/pendones\/","title":{"rendered":"PENDONES"},"content":{"rendered":"<p>Pendones de tela sublimada, alta resistencia de facil manejo e instalaci\u00f3n. Ancho m\u00e1ximo de impresi\u00f3n 155 cms. sin panelizaci\u00f3n. Para telas de mayores dimensiones tenemos la experiencia y el equipo necesario para obtener resultados de alta calidad.<br \/>\nLos acabados pueden ser con ojillos o con bastones de madera o acero, en jaretas tanto superiores como inferiores <\/p>\n","protected":false},"excerpt":{"rendered":"<p>Pendones de tela sublimada, alta resistencia de facil manejo e instalaci\u00f3n. Ancho m\u00e1ximo de impresi\u00f3n 155 cms. sin panelizaci\u00f3n. Para telas de mayores dimensiones tenemos la experiencia y el equipo necesario para obtener resultados de alta calidad.<br \/>\nLos acabados pueden ser con ojillos o con bastones de madera o acero, en jaretas tanto superiores como inferiores <\/p>\n","protected":false},"featured_media":0,"comment_status":"closed","ping_status":"open","template":"","meta":[],"class_list":["post-18357","product","type-product","status-publish","hentry","product_cat-textil","product_cat-varios-textil","product_tag-sublitec"],"_links":{"self":[{"href":"http:\/\/119.8.7.19\/masterprom\/wp-json\/wp\/v2\/product\/18357","targetHints":{"allow":["GET"]}}],"collection":[{"href":"http:\/\/119.8.7.19\/masterprom\/wp-json\/wp\/v2\/product"}],"about":[{"href":"http:\/\/119.8.7.19\/masterprom\/wp-json\/wp\/v2\/types\/product"}],"replies":[{"embeddable":true,"href":"http:\/\/119.8.7.19\/masterprom\/wp-json\/wp\/v2\/comments?post=18357"}],"wp:attachment":[{"href":"http:\/\/119.8.7.19\/masterprom\/wp-json\/wp\/v2\/media?parent=18357"}],"curies":[{"name":"wp","href":"https:\/\/api.w.org\/{rel}","templated":true}]}}