{"id":18318,"date":"2021-04-20T22:19:24","date_gmt":"2021-04-21T03:19:24","guid":{"rendered":"http:\/\/119.8.7.19\/masterprom\/producto\/a2146-2\/"},"modified":"2021-04-20T22:19:27","modified_gmt":"2021-04-21T03:19:27","slug":"a2146-2","status":"publish","type":"product","link":"http:\/\/119.8.7.19\/masterprom\/producto\/a2146-2\/","title":{"rendered":"A2146"},"content":{"rendered":"<p>Impermeable de pl\u00e1stico, en bolsa port\u00e1til, ligero y c\u00f3modo para llevar a cualquier lugar. <\/p>\n","protected":false},"excerpt":{"rendered":"<p>Impermeable de pl\u00e1stico, en bolsa port\u00e1til, ligero y c\u00f3modo para llevar a cualquier lugar. <\/p>\n","protected":false},"featured_media":0,"comment_status":"closed","ping_status":"open","template":"","meta":[],"class_list":["post-18318","product","type-product","status-publish","hentry","product_cat-paraguas-e-impermeables","product_cat-textil","product_tag-winideas"],"_links":{"self":[{"href":"http:\/\/119.8.7.19\/masterprom\/wp-json\/wp\/v2\/product\/18318","targetHints":{"allow":["GET"]}}],"collection":[{"href":"http:\/\/119.8.7.19\/masterprom\/wp-json\/wp\/v2\/product"}],"about":[{"href":"http:\/\/119.8.7.19\/masterprom\/wp-json\/wp\/v2\/types\/product"}],"replies":[{"embeddable":true,"href":"http:\/\/119.8.7.19\/masterprom\/wp-json\/wp\/v2\/comments?post=18318"}],"wp:attachment":[{"href":"http:\/\/119.8.7.19\/masterprom\/wp-json\/wp\/v2\/media?parent=18318"}],"curies":[{"name":"wp","href":"https:\/\/api.w.org\/{rel}","templated":true}]}}