{"id":18199,"date":"2021-04-20T22:19:07","date_gmt":"2021-04-21T03:19:07","guid":{"rendered":"http:\/\/119.8.7.19\/masterprom\/producto\/bl-010\/"},"modified":"2021-04-20T22:19:07","modified_gmt":"2021-04-21T03:19:07","slug":"bl-010","status":"publish","type":"product","link":"http:\/\/119.8.7.19\/masterprom\/producto\/bl-010\/","title":{"rendered":"BL 010"},"content":{"rendered":"<p>Gorra trucker en poli\u00e9ster con visera de algod\u00f3n, frente acolchado y gajos de malla, banda ajustable en pl\u00e1stico. <\/p>\n","protected":false},"excerpt":{"rendered":"<p>Gorra trucker en poli\u00e9ster con visera de algod\u00f3n, frente acolchado y gajos de malla, banda ajustable en pl\u00e1stico. <\/p>\n","protected":false},"featured_media":0,"comment_status":"closed","ping_status":"open","template":"","meta":[],"class_list":["post-18199","product","type-product","status-publish","hentry","product_cat-gorras-y-sombreros","product_cat-textil","product_tag-4-promotional"],"_links":{"self":[{"href":"http:\/\/119.8.7.19\/masterprom\/wp-json\/wp\/v2\/product\/18199","targetHints":{"allow":["GET"]}}],"collection":[{"href":"http:\/\/119.8.7.19\/masterprom\/wp-json\/wp\/v2\/product"}],"about":[{"href":"http:\/\/119.8.7.19\/masterprom\/wp-json\/wp\/v2\/types\/product"}],"replies":[{"embeddable":true,"href":"http:\/\/119.8.7.19\/masterprom\/wp-json\/wp\/v2\/comments?post=18199"}],"wp:attachment":[{"href":"http:\/\/119.8.7.19\/masterprom\/wp-json\/wp\/v2\/media?parent=18199"}],"curies":[{"name":"wp","href":"https:\/\/api.w.org\/{rel}","templated":true}]}}