{"id":18013,"date":"2021-04-20T20:23:38","date_gmt":"2021-04-21T01:23:38","guid":{"rendered":"http:\/\/119.8.7.19\/masterprom\/producto\/lap-011\/"},"modified":"2021-04-20T20:23:39","modified_gmt":"2021-04-21T01:23:39","slug":"lap-011","status":"publish","type":"product","link":"http:\/\/119.8.7.19\/masterprom\/producto\/lap-011\/","title":{"rendered":"LAP-011"},"content":{"rendered":"<p>Atomizador lugi (atomizador con l\u00edquido limpia pantallas y microfibra de 12.5 cm de di\u00e1metro. el atomizador y la fibra se entregan por separado para su impresi\u00f3n.) <\/p>\n","protected":false},"excerpt":{"rendered":"<p>Atomizador lugi (atomizador con l\u00edquido limpia pantallas y microfibra de 12.5 cm de di\u00e1metro. el atomizador y la fibra se entregan por separado para su impresi\u00f3n.) <\/p>\n","protected":false},"featured_media":0,"comment_status":"closed","ping_status":"open","template":"","meta":[],"class_list":["post-18013","product","type-product","status-publish","hentry","product_cat-computo","product_cat-tecnologia","product_tag-promoopcion"],"_links":{"self":[{"href":"http:\/\/119.8.7.19\/masterprom\/wp-json\/wp\/v2\/product\/18013","targetHints":{"allow":["GET"]}}],"collection":[{"href":"http:\/\/119.8.7.19\/masterprom\/wp-json\/wp\/v2\/product"}],"about":[{"href":"http:\/\/119.8.7.19\/masterprom\/wp-json\/wp\/v2\/types\/product"}],"replies":[{"embeddable":true,"href":"http:\/\/119.8.7.19\/masterprom\/wp-json\/wp\/v2\/comments?post=18013"}],"wp:attachment":[{"href":"http:\/\/119.8.7.19\/masterprom\/wp-json\/wp\/v2\/media?parent=18013"}],"curies":[{"name":"wp","href":"https:\/\/api.w.org\/{rel}","templated":true}]}}