{"id":18000,"date":"2021-04-20T20:23:38","date_gmt":"2021-04-21T01:23:38","guid":{"rendered":"http:\/\/119.8.7.19\/masterprom\/producto\/tec-00\/"},"modified":"2021-04-20T20:23:38","modified_gmt":"2021-04-21T01:23:38","slug":"tec-00","status":"publish","type":"product","link":"http:\/\/119.8.7.19\/masterprom\/producto\/tec-00\/","title":{"rendered":"TEC 00"},"content":{"rendered":"<p>Kit Halley Funciones: Contiene Mouse \u00f3ptico. L\u00e1mpara USB con luz LED. Conector retr\u00e1ctil. HUB de 4<br \/>\npuertos. Pr\u00e1ctica caja de Curpiel con cierre <\/p>\n","protected":false},"excerpt":{"rendered":"<p>Kit Halley Funciones: Contiene Mouse \u00f3ptico. L\u00e1mpara USB con luz LED. Conector retr\u00e1ctil. HUB de 4<br \/>\npuertos. Pr\u00e1ctica caja de Curpiel con cierre <\/p>\n","protected":false},"featured_media":0,"comment_status":"closed","ping_status":"open","template":"","meta":[],"class_list":["post-18000","product","type-product","status-publish","hentry","product_cat-computo","product_cat-tecnologia","product_tag-impressline"],"_links":{"self":[{"href":"http:\/\/119.8.7.19\/masterprom\/wp-json\/wp\/v2\/product\/18000","targetHints":{"allow":["GET"]}}],"collection":[{"href":"http:\/\/119.8.7.19\/masterprom\/wp-json\/wp\/v2\/product"}],"about":[{"href":"http:\/\/119.8.7.19\/masterprom\/wp-json\/wp\/v2\/types\/product"}],"replies":[{"embeddable":true,"href":"http:\/\/119.8.7.19\/masterprom\/wp-json\/wp\/v2\/comments?post=18000"}],"wp:attachment":[{"href":"http:\/\/119.8.7.19\/masterprom\/wp-json\/wp\/v2\/media?parent=18000"}],"curies":[{"name":"wp","href":"https:\/\/api.w.org\/{rel}","templated":true}]}}