{"id":17993,"date":"2021-04-20T20:23:34","date_gmt":"2021-04-21T01:23:34","guid":{"rendered":"http:\/\/119.8.7.19\/masterprom\/producto\/a2624\/"},"modified":"2021-04-20T20:23:36","modified_gmt":"2021-04-21T01:23:36","slug":"a2624","status":"publish","type":"product","link":"http:\/\/119.8.7.19\/masterprom\/producto\/a2624\/","title":{"rendered":"A2624"},"content":{"rendered":"<p>Mouse inal\u00e1mbrico, con compartimento para guardar control USB a distancia, bot\u00f3n de scroll y bot\u00f3n de encendido y apagado para ahorro de energ\u00eda. Utiliza dos pilas alcalinas AAA (incluidas). Cuenta con un bot\u00f3n adicional para cambiar r\u00e1pidamente de niveles de DPI (800\/1000\/120). Presentaci\u00f3n: caja en color blanco. <\/p>\n","protected":false},"excerpt":{"rendered":"<p>Mouse inal\u00e1mbrico, con compartimento para guardar control USB a distancia, bot\u00f3n de scroll y bot\u00f3n de encendido y apagado para ahorro de energ\u00eda. Utiliza dos pilas alcalinas AAA (incluidas). Cuenta con un bot\u00f3n adicional para cambiar r\u00e1pidamente de niveles de DPI (800\/1000\/120). Presentaci\u00f3n: caja en color blanco. <\/p>\n","protected":false},"featured_media":0,"comment_status":"closed","ping_status":"open","template":"","meta":[],"class_list":["post-17993","product","type-product","status-publish","hentry","product_cat-computo","product_cat-tecnologia","product_tag-winideas"],"_links":{"self":[{"href":"http:\/\/119.8.7.19\/masterprom\/wp-json\/wp\/v2\/product\/17993","targetHints":{"allow":["GET"]}}],"collection":[{"href":"http:\/\/119.8.7.19\/masterprom\/wp-json\/wp\/v2\/product"}],"about":[{"href":"http:\/\/119.8.7.19\/masterprom\/wp-json\/wp\/v2\/types\/product"}],"replies":[{"embeddable":true,"href":"http:\/\/119.8.7.19\/masterprom\/wp-json\/wp\/v2\/comments?post=17993"}],"wp:attachment":[{"href":"http:\/\/119.8.7.19\/masterprom\/wp-json\/wp\/v2\/media?parent=17993"}],"curies":[{"name":"wp","href":"https:\/\/api.w.org\/{rel}","templated":true}]}}