{"id":17968,"date":"2021-04-20T20:23:31","date_gmt":"2021-04-21T01:23:31","guid":{"rendered":"http:\/\/119.8.7.19\/masterprom\/producto\/cel-019\/"},"modified":"2021-04-20T20:23:32","modified_gmt":"2021-04-21T01:23:32","slug":"cel-019","status":"publish","type":"product","link":"http:\/\/119.8.7.19\/masterprom\/producto\/cel-019\/","title":{"rendered":"CEL-019"},"content":{"rendered":"<p>Funda Keep (funda para smartphone con cierre herm\u00e9tico a prueba de agua. incluye cord\u00f3n. compatible con smartphones de 8 x 15 cm m\u00e1ximo.) <\/p>\n","protected":false},"excerpt":{"rendered":"<p>Funda Keep (funda para smartphone con cierre herm\u00e9tico a prueba de agua. incluye cord\u00f3n. compatible con smartphones de 8 x 15 cm m\u00e1ximo.) <\/p>\n","protected":false},"featured_media":0,"comment_status":"closed","ping_status":"open","template":"","meta":[],"class_list":["post-17968","product","type-product","status-publish","hentry","product_cat-accesorios","product_cat-tecnologia","product_tag-promoopcion"],"_links":{"self":[{"href":"http:\/\/119.8.7.19\/masterprom\/wp-json\/wp\/v2\/product\/17968","targetHints":{"allow":["GET"]}}],"collection":[{"href":"http:\/\/119.8.7.19\/masterprom\/wp-json\/wp\/v2\/product"}],"about":[{"href":"http:\/\/119.8.7.19\/masterprom\/wp-json\/wp\/v2\/types\/product"}],"replies":[{"embeddable":true,"href":"http:\/\/119.8.7.19\/masterprom\/wp-json\/wp\/v2\/comments?post=17968"}],"wp:attachment":[{"href":"http:\/\/119.8.7.19\/masterprom\/wp-json\/wp\/v2\/media?parent=17968"}],"curies":[{"name":"wp","href":"https:\/\/api.w.org\/{rel}","templated":true}]}}