{"id":17873,"date":"2021-04-20T20:23:15","date_gmt":"2021-04-21T01:23:15","guid":{"rendered":"http:\/\/119.8.7.19\/masterprom\/producto\/usb-bri\/"},"modified":"2021-04-20T20:23:16","modified_gmt":"2021-04-21T01:23:16","slug":"usb-bri","status":"publish","type":"product","link":"http:\/\/119.8.7.19\/masterprom\/producto\/usb-bri\/","title":{"rendered":"USB-BRI"},"content":{"rendered":"<p>USB de 8 GB con suave cuerpo de silic\u00f3n hipoalerg\u00e9nico en 2 piezas. Gran \u00e1rea de grabado en bajo relieve. Incluye estuche individual con cierre magn\u00e9tico. <\/p>\n","protected":false},"excerpt":{"rendered":"<p>USB de 8 GB con suave cuerpo de silic\u00f3n hipoalerg\u00e9nico en 2 piezas. Gran \u00e1rea de grabado en bajo relieve. Incluye estuche individual con cierre magn\u00e9tico. <\/p>\n","protected":false},"featured_media":0,"comment_status":"closed","ping_status":"open","template":"","meta":[],"class_list":["post-17873","product","type-product","status-publish","hentry","product_cat-tecnologia","product_cat-usb","product_tag-g4"],"_links":{"self":[{"href":"http:\/\/119.8.7.19\/masterprom\/wp-json\/wp\/v2\/product\/17873","targetHints":{"allow":["GET"]}}],"collection":[{"href":"http:\/\/119.8.7.19\/masterprom\/wp-json\/wp\/v2\/product"}],"about":[{"href":"http:\/\/119.8.7.19\/masterprom\/wp-json\/wp\/v2\/types\/product"}],"replies":[{"embeddable":true,"href":"http:\/\/119.8.7.19\/masterprom\/wp-json\/wp\/v2\/comments?post=17873"}],"wp:attachment":[{"href":"http:\/\/119.8.7.19\/masterprom\/wp-json\/wp\/v2\/media?parent=17873"}],"curies":[{"name":"wp","href":"https:\/\/api.w.org\/{rel}","templated":true}]}}