{"id":17835,"date":"2021-04-20T20:23:08","date_gmt":"2021-04-21T01:23:08","guid":{"rendered":"http:\/\/119.8.7.19\/masterprom\/producto\/ec692\/"},"modified":"2021-04-20T20:23:10","modified_gmt":"2021-04-21T01:23:10","slug":"ec692","status":"publish","type":"product","link":"http:\/\/119.8.7.19\/masterprom\/producto\/ec692\/","title":{"rendered":"EC692"},"content":{"rendered":"<p>Power bank &#8220;plus&#8221; capacidad 4000 mah. bater\u00eda port\u00e1til para celular, mp3, mp4 y c\u00e1maras digitales. un puerto usb y un mini puerto usb. con certificaci\u00f3n de calidad. <\/p>\n","protected":false},"excerpt":{"rendered":"<p>Power bank &#8220;plus&#8221; capacidad 4000 mah. bater\u00eda port\u00e1til para celular, mp3, mp4 y c\u00e1maras digitales. un puerto usb y un mini puerto usb. con certificaci\u00f3n de calidad. <\/p>\n","protected":false},"featured_media":0,"comment_status":"closed","ping_status":"open","template":"","meta":[],"class_list":["post-17835","product","type-product","status-publish","hentry","product_cat-power-bank","product_cat-tecnologia","product_tag-cdo"],"_links":{"self":[{"href":"http:\/\/119.8.7.19\/masterprom\/wp-json\/wp\/v2\/product\/17835","targetHints":{"allow":["GET"]}}],"collection":[{"href":"http:\/\/119.8.7.19\/masterprom\/wp-json\/wp\/v2\/product"}],"about":[{"href":"http:\/\/119.8.7.19\/masterprom\/wp-json\/wp\/v2\/types\/product"}],"replies":[{"embeddable":true,"href":"http:\/\/119.8.7.19\/masterprom\/wp-json\/wp\/v2\/comments?post=17835"}],"wp:attachment":[{"href":"http:\/\/119.8.7.19\/masterprom\/wp-json\/wp\/v2\/media?parent=17835"}],"curies":[{"name":"wp","href":"https:\/\/api.w.org\/{rel}","templated":true}]}}