{"id":17834,"date":"2021-04-20T20:23:08","date_gmt":"2021-04-21T01:23:08","guid":{"rendered":"http:\/\/119.8.7.19\/masterprom\/producto\/ec728\/"},"modified":"2021-04-20T20:23:10","modified_gmt":"2021-04-21T01:23:10","slug":"ec728","status":"publish","type":"product","link":"http:\/\/119.8.7.19\/masterprom\/producto\/ec728\/","title":{"rendered":"EC728"},"content":{"rendered":"<p>Power bank &#8220;barnard&#8221;  capacidad 4000 mah, power bank inal\u00e1mbrico, en el centro cuenta con c\u00edrculo engomado. apoyando el celular se comienza a cargar, sin necesidad que sea enchufado. entrada usb y mini usb. bot\u00f3n de encendido y luces led indicadoras de carga. tenga en cuenta que es necesario tener tecnolog\u00eda QI para que se efectue la carga. si no cuenta con esta tecnolog\u00eda, la power bank puede ser usada con cable. incluye conector type c <\/p>\n","protected":false},"excerpt":{"rendered":"<p>Power bank &#8220;barnard&#8221;  capacidad 4000 mah, power bank inal\u00e1mbrico, en el centro cuenta con c\u00edrculo engomado. apoyando el celular se comienza a cargar, sin necesidad que sea enchufado. entrada usb y mini usb. bot\u00f3n de encendido y luces led indicadoras de carga. tenga en cuenta que es necesario tener tecnolog\u00eda QI para que se efectue la carga. si no cuenta con esta tecnolog\u00eda, la power bank puede ser usada con cable. incluye conector type c <\/p>\n","protected":false},"featured_media":0,"comment_status":"closed","ping_status":"open","template":"","meta":[],"class_list":["post-17834","product","type-product","status-publish","hentry","product_cat-power-bank","product_cat-tecnologia","product_tag-cdo"],"_links":{"self":[{"href":"http:\/\/119.8.7.19\/masterprom\/wp-json\/wp\/v2\/product\/17834","targetHints":{"allow":["GET"]}}],"collection":[{"href":"http:\/\/119.8.7.19\/masterprom\/wp-json\/wp\/v2\/product"}],"about":[{"href":"http:\/\/119.8.7.19\/masterprom\/wp-json\/wp\/v2\/types\/product"}],"replies":[{"embeddable":true,"href":"http:\/\/119.8.7.19\/masterprom\/wp-json\/wp\/v2\/comments?post=17834"}],"wp:attachment":[{"href":"http:\/\/119.8.7.19\/masterprom\/wp-json\/wp\/v2\/media?parent=17834"}],"curies":[{"name":"wp","href":"https:\/\/api.w.org\/{rel}","templated":true}]}}