{"id":17830,"date":"2021-04-20T20:23:08","date_gmt":"2021-04-21T01:23:08","guid":{"rendered":"http:\/\/119.8.7.19\/masterprom\/producto\/a2494\/"},"modified":"2021-04-20T20:23:09","modified_gmt":"2021-04-21T01:23:09","slug":"a2494","status":"publish","type":"product","link":"http:\/\/119.8.7.19\/masterprom\/producto\/a2494\/","title":{"rendered":"A2494"},"content":{"rendered":"<p>Kit de accesorios con bater\u00eda port\u00e1til 2200 mAh, l\u00e1mpara LED y mini ventilador. Incluye estuche y cable de carga. <\/p>\n","protected":false},"excerpt":{"rendered":"<p>Kit de accesorios con bater\u00eda port\u00e1til 2200 mAh, l\u00e1mpara LED y mini ventilador. Incluye estuche y cable de carga. <\/p>\n","protected":false},"featured_media":0,"comment_status":"closed","ping_status":"open","template":"","meta":[],"class_list":["post-17830","product","type-product","status-publish","hentry","product_cat-power-bank","product_cat-tecnologia","product_tag-winideas"],"_links":{"self":[{"href":"http:\/\/119.8.7.19\/masterprom\/wp-json\/wp\/v2\/product\/17830","targetHints":{"allow":["GET"]}}],"collection":[{"href":"http:\/\/119.8.7.19\/masterprom\/wp-json\/wp\/v2\/product"}],"about":[{"href":"http:\/\/119.8.7.19\/masterprom\/wp-json\/wp\/v2\/types\/product"}],"replies":[{"embeddable":true,"href":"http:\/\/119.8.7.19\/masterprom\/wp-json\/wp\/v2\/comments?post=17830"}],"wp:attachment":[{"href":"http:\/\/119.8.7.19\/masterprom\/wp-json\/wp\/v2\/media?parent=17830"}],"curies":[{"name":"wp","href":"https:\/\/api.w.org\/{rel}","templated":true}]}}