{"id":17806,"date":"2021-04-20T20:23:05","date_gmt":"2021-04-21T01:23:05","guid":{"rendered":"http:\/\/119.8.7.19\/masterprom\/producto\/aud-011\/"},"modified":"2021-04-20T20:23:06","modified_gmt":"2021-04-21T01:23:06","slug":"aud-011","status":"publish","type":"product","link":"http:\/\/119.8.7.19\/masterprom\/producto\/aud-011\/","title":{"rendered":"AUD-011"},"content":{"rendered":"<p>Aud\u00edfonos loddon (aud\u00edfonos acojinados con gancho para oreja. incluye estuche de pvc para guardar los aud\u00edfonos.) <\/p>\n","protected":false},"excerpt":{"rendered":"<p>Aud\u00edfonos loddon (aud\u00edfonos acojinados con gancho para oreja. incluye estuche de pvc para guardar los aud\u00edfonos.) <\/p>\n","protected":false},"featured_media":0,"comment_status":"closed","ping_status":"open","template":"","meta":[],"class_list":["post-17806","product","type-product","status-publish","hentry","product_cat-audio","product_cat-tecnologia","product_tag-promoopcion"],"_links":{"self":[{"href":"http:\/\/119.8.7.19\/masterprom\/wp-json\/wp\/v2\/product\/17806","targetHints":{"allow":["GET"]}}],"collection":[{"href":"http:\/\/119.8.7.19\/masterprom\/wp-json\/wp\/v2\/product"}],"about":[{"href":"http:\/\/119.8.7.19\/masterprom\/wp-json\/wp\/v2\/types\/product"}],"replies":[{"embeddable":true,"href":"http:\/\/119.8.7.19\/masterprom\/wp-json\/wp\/v2\/comments?post=17806"}],"wp:attachment":[{"href":"http:\/\/119.8.7.19\/masterprom\/wp-json\/wp\/v2\/media?parent=17806"}],"curies":[{"name":"wp","href":"https:\/\/api.w.org\/{rel}","templated":true}]}}