{"id":17770,"date":"2021-04-20T20:22:59","date_gmt":"2021-04-21T01:22:59","guid":{"rendered":"http:\/\/119.8.7.19\/masterprom\/producto\/so-025\/"},"modified":"2021-04-21T23:14:50","modified_gmt":"2021-04-22T04:14:50","slug":"so-025","status":"publish","type":"product","link":"http:\/\/119.8.7.19\/masterprom\/producto\/so-025\/","title":{"rendered":"SO 025"},"content":{"rendered":"<p>Bocina port\u00e1til Bluetooth y Micro SD, bater\u00eda recargable, con duraci\u00f3n 3 hrs. Incluye cable de carga.<\/p>\n","protected":false},"excerpt":{"rendered":"<p>Bocina port\u00e1til Bluetooth y Micro SD, bater\u00eda recargable, con duraci\u00f3n 3 hrs. Incluye cable de carga.<\/p>\n","protected":false},"featured_media":18902,"comment_status":"closed","ping_status":"closed","template":"","meta":[],"class_list":["post-17770","product","type-product","status-publish","has-post-thumbnail","hentry","product_cat-audio","product_cat-tecnologia","product_tag-4-promotional"],"_links":{"self":[{"href":"http:\/\/119.8.7.19\/masterprom\/wp-json\/wp\/v2\/product\/17770","targetHints":{"allow":["GET"]}}],"collection":[{"href":"http:\/\/119.8.7.19\/masterprom\/wp-json\/wp\/v2\/product"}],"about":[{"href":"http:\/\/119.8.7.19\/masterprom\/wp-json\/wp\/v2\/types\/product"}],"replies":[{"embeddable":true,"href":"http:\/\/119.8.7.19\/masterprom\/wp-json\/wp\/v2\/comments?post=17770"}],"wp:featuredmedia":[{"embeddable":true,"href":"http:\/\/119.8.7.19\/masterprom\/wp-json\/wp\/v2\/media\/18902"}],"wp:attachment":[{"href":"http:\/\/119.8.7.19\/masterprom\/wp-json\/wp\/v2\/media?parent=17770"}],"curies":[{"name":"wp","href":"https:\/\/api.w.org\/{rel}","templated":true}]}}