{"id":17769,"date":"2021-04-20T20:22:59","date_gmt":"2021-04-21T01:22:59","guid":{"rendered":"http:\/\/119.8.7.19\/masterprom\/producto\/so-026\/"},"modified":"2021-04-21T23:14:30","modified_gmt":"2021-04-22T04:14:30","slug":"so-026","status":"publish","type":"product","link":"http:\/\/119.8.7.19\/masterprom\/producto\/so-026\/","title":{"rendered":"SO 026"},"content":{"rendered":"<p>Bocina port\u00e1til Bluetooth para ba\u00f1o en acabado rubber, bater\u00eda recargable con duraci\u00f3n de 2 hrs. Incluye cable de carga.<\/p>\n","protected":false},"excerpt":{"rendered":"<p>Bocina port\u00e1til Bluetooth para ba\u00f1o en acabado rubber, bater\u00eda recargable con duraci\u00f3n de 2 hrs. Incluye cable de carga.<\/p>\n","protected":false},"featured_media":18903,"comment_status":"closed","ping_status":"closed","template":"","meta":[],"class_list":["post-17769","product","type-product","status-publish","has-post-thumbnail","hentry","product_cat-audio","product_cat-tecnologia","product_tag-4-promotional"],"_links":{"self":[{"href":"http:\/\/119.8.7.19\/masterprom\/wp-json\/wp\/v2\/product\/17769","targetHints":{"allow":["GET"]}}],"collection":[{"href":"http:\/\/119.8.7.19\/masterprom\/wp-json\/wp\/v2\/product"}],"about":[{"href":"http:\/\/119.8.7.19\/masterprom\/wp-json\/wp\/v2\/types\/product"}],"replies":[{"embeddable":true,"href":"http:\/\/119.8.7.19\/masterprom\/wp-json\/wp\/v2\/comments?post=17769"}],"wp:featuredmedia":[{"embeddable":true,"href":"http:\/\/119.8.7.19\/masterprom\/wp-json\/wp\/v2\/media\/18903"}],"wp:attachment":[{"href":"http:\/\/119.8.7.19\/masterprom\/wp-json\/wp\/v2\/media?parent=17769"}],"curies":[{"name":"wp","href":"https:\/\/api.w.org\/{rel}","templated":true}]}}