{"id":17690,"date":"2021-04-20T00:56:39","date_gmt":"2021-04-20T05:56:39","guid":{"rendered":"http:\/\/119.8.7.19\/masterprom\/producto\/sa31019\/"},"modified":"2021-04-20T00:56:40","modified_gmt":"2021-04-20T05:56:40","slug":"sa31019","status":"publish","type":"product","link":"http:\/\/119.8.7.19\/masterprom\/producto\/sa31019\/","title":{"rendered":"SA31019"},"content":{"rendered":"<p>Cubrebocas tipo cuellera fabricados con chif\u00f3n de algod\u00f3n. Producto sobre pedido con un m\u00ednimo de 100 piezas. Capacidad de producci\u00f3n semanal: 20,000 piezas. El precio mostrado es por paquete. Derivado de la naturaleza del producto no se aceptan cancelaciones y devoluciones en compras realizadas por cualquier medio.<\/p>\n","protected":false},"excerpt":{"rendered":"<p>Cubrebocas tipo cuellera fabricados con chif\u00f3n de algod\u00f3n. Producto sobre pedido con un m\u00ednimo de 100 piezas. Capacidad de producci\u00f3n semanal: 20,000 piezas. El precio mostrado es por paquete. Derivado de la naturaleza del producto no se aceptan cancelaciones y devoluciones en compras realizadas por cualquier medio.<\/p>\n","protected":false},"featured_media":0,"comment_status":"closed","ping_status":"open","template":"","meta":[],"class_list":["post-17690","product","type-product","status-publish","hentry","product_cat-cuidado-personal","product_cat-salud-y-medicos","product_tag-promoline"],"_links":{"self":[{"href":"http:\/\/119.8.7.19\/masterprom\/wp-json\/wp\/v2\/product\/17690","targetHints":{"allow":["GET"]}}],"collection":[{"href":"http:\/\/119.8.7.19\/masterprom\/wp-json\/wp\/v2\/product"}],"about":[{"href":"http:\/\/119.8.7.19\/masterprom\/wp-json\/wp\/v2\/types\/product"}],"replies":[{"embeddable":true,"href":"http:\/\/119.8.7.19\/masterprom\/wp-json\/wp\/v2\/comments?post=17690"}],"wp:attachment":[{"href":"http:\/\/119.8.7.19\/masterprom\/wp-json\/wp\/v2\/media?parent=17690"}],"curies":[{"name":"wp","href":"https:\/\/api.w.org\/{rel}","templated":true}]}}