{"id":17595,"date":"2021-04-20T00:56:10","date_gmt":"2021-04-20T05:56:10","guid":{"rendered":"http:\/\/119.8.7.19\/masterprom\/producto\/org-kan\/"},"modified":"2021-04-20T00:56:11","modified_gmt":"2021-04-20T05:56:11","slug":"org-kan","status":"publish","type":"product","link":"http:\/\/119.8.7.19\/masterprom\/producto\/org-kan\/","title":{"rendered":"ORG KAN"},"content":{"rendered":"<p>Organizador de viaje multi usos. Combinaci\u00f3n de materiales de alta resistencia repelentes al agua. Cierres de la m\u00e1s alta calidad y tira cierres con marca presente. El material de la base es muy sencillo de limpiar. Gancho dispuesto en el interior que te permitir\u00e1 colgarlo en el ba\u00f1o o habitaci\u00f3n facilitando el acceso a tus art\u00edculos de aseo personal. Cuenta con 2 pr\u00e1cticas bolsas exteriores con cierre. Asa de curpiel lateral para su f\u00e1cil transportaci\u00f3n.<\/p>\n","protected":false},"excerpt":{"rendered":"<p>Organizador de viaje multi usos. Combinaci\u00f3n de materiales de alta resistencia repelentes al agua. Cierres de la m\u00e1s alta calidad y tira cierres con marca presente. El material de la base es muy sencillo de limpiar. Gancho dispuesto en el interior que te permitir\u00e1 colgarlo en el ba\u00f1o o habitaci\u00f3n facilitando el acceso a tus art\u00edculos de aseo personal. Cuenta con 2 pr\u00e1cticas bolsas exteriores con cierre. Asa de curpiel lateral para su f\u00e1cil transportaci\u00f3n.<\/p>\n","protected":false},"featured_media":0,"comment_status":"closed","ping_status":"open","template":"","meta":[],"class_list":["post-17595","product","type-product","status-publish","hentry","product_cat-belleza","product_tag-g4"],"_links":{"self":[{"href":"http:\/\/119.8.7.19\/masterprom\/wp-json\/wp\/v2\/product\/17595","targetHints":{"allow":["GET"]}}],"collection":[{"href":"http:\/\/119.8.7.19\/masterprom\/wp-json\/wp\/v2\/product"}],"about":[{"href":"http:\/\/119.8.7.19\/masterprom\/wp-json\/wp\/v2\/types\/product"}],"replies":[{"embeddable":true,"href":"http:\/\/119.8.7.19\/masterprom\/wp-json\/wp\/v2\/comments?post=17595"}],"wp:attachment":[{"href":"http:\/\/119.8.7.19\/masterprom\/wp-json\/wp\/v2\/media?parent=17595"}],"curies":[{"name":"wp","href":"https:\/\/api.w.org\/{rel}","templated":true}]}}