{"id":17522,"date":"2021-04-20T00:52:15","date_gmt":"2021-04-20T05:52:15","guid":{"rendered":"http:\/\/119.8.7.19\/masterprom\/producto\/rp-046\/"},"modified":"2021-04-20T00:52:16","modified_gmt":"2021-04-20T05:52:16","slug":"rp-046","status":"publish","type":"product","link":"http:\/\/119.8.7.19\/masterprom\/producto\/rp-046\/","title":{"rendered":"RP-046"},"content":{"rendered":"<p>Reloj con caja met\u00e1lica, correa de silic\u00f3n, cristal mineral, dial grabado en bisel y maquinaria japonesa. incluye estuche met\u00e1lico.<\/p>\n","protected":false},"excerpt":{"rendered":"<p>Reloj con caja met\u00e1lica, correa de silic\u00f3n, cristal mineral, dial grabado en bisel y maquinaria japonesa. incluye estuche met\u00e1lico.<\/p>\n","protected":false},"featured_media":0,"comment_status":"closed","ping_status":"open","template":"","meta":[],"class_list":["post-17522","product","type-product","status-publish","hentry","product_cat-relojes","product_cat-relojes-de-pulso","product_tag-innova"],"_links":{"self":[{"href":"http:\/\/119.8.7.19\/masterprom\/wp-json\/wp\/v2\/product\/17522","targetHints":{"allow":["GET"]}}],"collection":[{"href":"http:\/\/119.8.7.19\/masterprom\/wp-json\/wp\/v2\/product"}],"about":[{"href":"http:\/\/119.8.7.19\/masterprom\/wp-json\/wp\/v2\/types\/product"}],"replies":[{"embeddable":true,"href":"http:\/\/119.8.7.19\/masterprom\/wp-json\/wp\/v2\/comments?post=17522"}],"wp:attachment":[{"href":"http:\/\/119.8.7.19\/masterprom\/wp-json\/wp\/v2\/media?parent=17522"}],"curies":[{"name":"wp","href":"https:\/\/api.w.org\/{rel}","templated":true}]}}