{"id":17520,"date":"2021-04-20T00:52:15","date_gmt":"2021-04-20T05:52:15","guid":{"rendered":"http:\/\/119.8.7.19\/masterprom\/producto\/rp-056\/"},"modified":"2021-04-20T00:52:16","modified_gmt":"2021-04-20T05:52:16","slug":"rp-056","status":"publish","type":"product","link":"http:\/\/119.8.7.19\/masterprom\/producto\/rp-056\/","title":{"rendered":"RP-056"},"content":{"rendered":"<p>Reloj de pulso con caja met\u00e1lica y extensible de red, disponible para dama y caballero, maquinaria met\u00e1lica japonesa de alta precisi\u00f3n. incluye estuche individual.24&#215;4.3 cm. \/ 22&#215;3 cm.<\/p>\n","protected":false},"excerpt":{"rendered":"<p>Reloj de pulso con caja met\u00e1lica y extensible de red, disponible para dama y caballero, maquinaria met\u00e1lica japonesa de alta precisi\u00f3n. incluye estuche individual.24&#215;4.3 cm. \/ 22&#215;3 cm.<\/p>\n","protected":false},"featured_media":0,"comment_status":"closed","ping_status":"open","template":"","meta":[],"class_list":["post-17520","product","type-product","status-publish","hentry","product_cat-relojes","product_cat-relojes-de-pulso","product_tag-innova","pa_detalle-especifico-24x4-3-cm-22x3-cm","pa_tipo-caballero","pa_tipo-dama"],"_links":{"self":[{"href":"http:\/\/119.8.7.19\/masterprom\/wp-json\/wp\/v2\/product\/17520","targetHints":{"allow":["GET"]}}],"collection":[{"href":"http:\/\/119.8.7.19\/masterprom\/wp-json\/wp\/v2\/product"}],"about":[{"href":"http:\/\/119.8.7.19\/masterprom\/wp-json\/wp\/v2\/types\/product"}],"replies":[{"embeddable":true,"href":"http:\/\/119.8.7.19\/masterprom\/wp-json\/wp\/v2\/comments?post=17520"}],"wp:attachment":[{"href":"http:\/\/119.8.7.19\/masterprom\/wp-json\/wp\/v2\/media?parent=17520"}],"curies":[{"name":"wp","href":"https:\/\/api.w.org\/{rel}","templated":true}]}}