{"id":17504,"date":"2021-04-20T00:48:39","date_gmt":"2021-04-20T05:48:39","guid":{"rendered":"http:\/\/119.8.7.19\/masterprom\/producto\/futbol-soccer\/"},"modified":"2021-04-20T00:48:40","modified_gmt":"2021-04-20T05:48:40","slug":"futbol-soccer","status":"publish","type":"product","link":"http:\/\/119.8.7.19\/masterprom\/producto\/futbol-soccer\/","title":{"rendered":"F\u00daTBOL SOCCER"},"content":{"rendered":"<p>Reconocimiento de f\u00fatbol soccer con impresi\u00f3n a todo color y base de madera.Cuerpo:14x22x1 cm<br \/>\nBase: 16x3x5cm<\/p>\n","protected":false},"excerpt":{"rendered":"<p>Reconocimiento de f\u00fatbol soccer con impresi\u00f3n a todo color y base de madera.Cuerpo:14x22x1 cm<br \/>\nBase: 16x3x5cm<\/p>\n","protected":false},"featured_media":0,"comment_status":"closed","ping_status":"open","template":"","meta":[],"class_list":["post-17504","product","type-product","status-publish","hentry","product_cat-reconocimeintos","product_cat-reconocimientos-de-acrilico-reconocimeintos","product_tag-tradis-norman","pa_detalle-especifico-cuerpo14x22x1-cm-base-16x3x5cm"],"_links":{"self":[{"href":"http:\/\/119.8.7.19\/masterprom\/wp-json\/wp\/v2\/product\/17504","targetHints":{"allow":["GET"]}}],"collection":[{"href":"http:\/\/119.8.7.19\/masterprom\/wp-json\/wp\/v2\/product"}],"about":[{"href":"http:\/\/119.8.7.19\/masterprom\/wp-json\/wp\/v2\/types\/product"}],"replies":[{"embeddable":true,"href":"http:\/\/119.8.7.19\/masterprom\/wp-json\/wp\/v2\/comments?post=17504"}],"wp:attachment":[{"href":"http:\/\/119.8.7.19\/masterprom\/wp-json\/wp\/v2\/media?parent=17504"}],"curies":[{"name":"wp","href":"https:\/\/api.w.org\/{rel}","templated":true}]}}