{"id":17337,"date":"2021-04-20T00:41:34","date_gmt":"2021-04-20T05:41:34","guid":{"rendered":"http:\/\/119.8.7.19\/masterprom\/producto\/ml54005\/"},"modified":"2021-04-20T00:41:35","modified_gmt":"2021-04-20T05:41:35","slug":"ml54005","status":"publish","type":"product","link":"http:\/\/119.8.7.19\/masterprom\/producto\/ml54005\/","title":{"rendered":"ML54005"},"content":{"rendered":"<p>Maleta\/bolsa, exterior de las mochilas Parkland est\u00e1 hecho al 100% de botellas de agua recicladas. Su c\u00f3modo interior de 24 litros tiene el tama\u00f1o ideal para ir al gimnasio o para viajes cortos.<\/p>\n","protected":false},"excerpt":{"rendered":"<p>Maleta\/bolsa, exterior de las mochilas Parkland est\u00e1 hecho al 100% de botellas de agua recicladas. Su c\u00f3modo interior de 24 litros tiene el tama\u00f1o ideal para ir al gimnasio o para viajes cortos.<\/p>\n","protected":false},"featured_media":0,"comment_status":"closed","ping_status":"open","template":"","meta":[],"class_list":["post-17337","product","type-product","status-publish","hentry","product_cat-maletas","product_cat-maletas-y-mochilas","product_tag-promoline"],"_links":{"self":[{"href":"http:\/\/119.8.7.19\/masterprom\/wp-json\/wp\/v2\/product\/17337","targetHints":{"allow":["GET"]}}],"collection":[{"href":"http:\/\/119.8.7.19\/masterprom\/wp-json\/wp\/v2\/product"}],"about":[{"href":"http:\/\/119.8.7.19\/masterprom\/wp-json\/wp\/v2\/types\/product"}],"replies":[{"embeddable":true,"href":"http:\/\/119.8.7.19\/masterprom\/wp-json\/wp\/v2\/comments?post=17337"}],"wp:attachment":[{"href":"http:\/\/119.8.7.19\/masterprom\/wp-json\/wp\/v2\/media?parent=17337"}],"curies":[{"name":"wp","href":"https:\/\/api.w.org\/{rel}","templated":true}]}}