{"id":17304,"date":"2021-04-20T00:41:26","date_gmt":"2021-04-20T05:41:26","guid":{"rendered":"http:\/\/119.8.7.19\/masterprom\/producto\/mal-tek\/"},"modified":"2021-04-20T00:41:26","modified_gmt":"2021-04-20T05:41:26","slug":"mal-tek","status":"publish","type":"product","link":"http:\/\/119.8.7.19\/masterprom\/producto\/mal-tek\/","title":{"rendered":"MAL-TEK"},"content":{"rendered":"<p>Moderno malet\u00edn ejecutivo marca Wagner, fabricado en poli\u00e9ster bal\u00edstico de alta resistencia. Dos compartimentos principales con cierre. Espacio para documentos, bol\u00edgrafo, tarjetas, y celular. El frente cuenta con un pr\u00e1ctico bolsillo extra. Incluye tirante desmontable. El grabado l\u00e1ser se coloca en una discreta placa met\u00e1lica en la parte frontal del malet\u00edn. Fusi\u00f3n de elegancia y practicidad en un genuino dise\u00f1o.<\/p>\n","protected":false},"excerpt":{"rendered":"<p>Moderno malet\u00edn ejecutivo marca Wagner, fabricado en poli\u00e9ster bal\u00edstico de alta resistencia. Dos compartimentos principales con cierre. Espacio para documentos, bol\u00edgrafo, tarjetas, y celular. El frente cuenta con un pr\u00e1ctico bolsillo extra. Incluye tirante desmontable. El grabado l\u00e1ser se coloca en una discreta placa met\u00e1lica en la parte frontal del malet\u00edn. Fusi\u00f3n de elegancia y practicidad en un genuino dise\u00f1o.<\/p>\n","protected":false},"featured_media":0,"comment_status":"closed","ping_status":"open","template":"","meta":[],"class_list":["post-17304","product","type-product","status-publish","hentry","product_cat-maletas-y-mochilas","product_cat-portalaptop","product_tag-g4"],"_links":{"self":[{"href":"http:\/\/119.8.7.19\/masterprom\/wp-json\/wp\/v2\/product\/17304","targetHints":{"allow":["GET"]}}],"collection":[{"href":"http:\/\/119.8.7.19\/masterprom\/wp-json\/wp\/v2\/product"}],"about":[{"href":"http:\/\/119.8.7.19\/masterprom\/wp-json\/wp\/v2\/types\/product"}],"replies":[{"embeddable":true,"href":"http:\/\/119.8.7.19\/masterprom\/wp-json\/wp\/v2\/comments?post=17304"}],"wp:attachment":[{"href":"http:\/\/119.8.7.19\/masterprom\/wp-json\/wp\/v2\/media?parent=17304"}],"curies":[{"name":"wp","href":"https:\/\/api.w.org\/{rel}","templated":true}]}}