{"id":17257,"date":"2021-04-20T00:41:26","date_gmt":"2021-04-20T05:41:26","guid":{"rendered":"http:\/\/119.8.7.19\/masterprom\/producto\/ml42033-2\/"},"modified":"2021-04-20T00:41:28","modified_gmt":"2021-04-20T05:41:28","slug":"ml42033-2","status":"publish","type":"product","link":"http:\/\/119.8.7.19\/masterprom\/producto\/ml42033-2\/","title":{"rendered":"ML42033"},"content":{"rendered":"<p>Mochila pol p\/lap 17 elleven armor, Compartimiento 360\u00b0 a prueba de golpes para aud\u00edfonos o c\u00e1maras as\u00ed como un espacio con entrada lateral dedicado a laptops. Cuenta con un panel frontal a prueba de golpes para proteger tus dispositivos, tanto el compartimiento inferior como el superior cuentan con un sistema de cierre que inhibe el delito de robo, bloqueando los cierres, espacioso compartimiento principal que contiene bolsillos dedicados para teclados port\u00e1tiles, organizador principal para Tablet as\u00ed como para smartphone, cuenta con dos bolsillos externos que cuentan con protecci\u00f3n adicional. Correas y panel trasero acojinado para mayor confort, adem\u00e1s de una correa al pecho para aliviar la carga. Panel trasero con banda para sujetarse al porta equipaje.<\/p>\n","protected":false},"excerpt":{"rendered":"<p>Mochila pol p\/lap 17 elleven armor, Compartimiento 360\u00b0 a prueba de golpes para aud\u00edfonos o c\u00e1maras as\u00ed como un espacio con entrada lateral dedicado a laptops. Cuenta con un panel frontal a prueba de golpes para proteger tus dispositivos, tanto el compartimiento inferior como el superior cuentan con un sistema de cierre que inhibe el delito de robo, bloqueando los cierres, espacioso compartimiento principal que contiene bolsillos dedicados para teclados port\u00e1tiles, organizador principal para Tablet as\u00ed como para smartphone, cuenta con dos bolsillos externos que cuentan con protecci\u00f3n adicional. Correas y panel trasero acojinado para mayor confort, adem\u00e1s de una correa al pecho para aliviar la carga. Panel trasero con banda para sujetarse al porta equipaje.<\/p>\n","protected":false},"featured_media":0,"comment_status":"closed","ping_status":"open","template":"","meta":[],"class_list":["post-17257","product","type-product","status-publish","hentry","product_cat-maletas-y-mochilas","product_cat-mochilas-y-portafolios","product_cat-portalaptop","product_tag-promoline"],"_links":{"self":[{"href":"http:\/\/119.8.7.19\/masterprom\/wp-json\/wp\/v2\/product\/17257","targetHints":{"allow":["GET"]}}],"collection":[{"href":"http:\/\/119.8.7.19\/masterprom\/wp-json\/wp\/v2\/product"}],"about":[{"href":"http:\/\/119.8.7.19\/masterprom\/wp-json\/wp\/v2\/types\/product"}],"replies":[{"embeddable":true,"href":"http:\/\/119.8.7.19\/masterprom\/wp-json\/wp\/v2\/comments?post=17257"}],"wp:attachment":[{"href":"http:\/\/119.8.7.19\/masterprom\/wp-json\/wp\/v2\/media?parent=17257"}],"curies":[{"name":"wp","href":"https:\/\/api.w.org\/{rel}","templated":true}]}}