{"id":17226,"date":"2021-04-20T00:41:13","date_gmt":"2021-04-20T05:41:13","guid":{"rendered":"http:\/\/119.8.7.19\/masterprom\/producto\/moc-tre\/"},"modified":"2021-04-20T00:41:13","modified_gmt":"2021-04-20T05:41:13","slug":"moc-tre","status":"publish","type":"product","link":"http:\/\/119.8.7.19\/masterprom\/producto\/moc-tre\/","title":{"rendered":"MOC-TRE"},"content":{"rendered":"<p>Mochila marca Wagner, fabricada en poli\u00e9ster bal\u00edstico de alta resistencia. Negra con detalles en color Rojo o Azul. Bolsas laterales con malla. Gran bolsa al frente con espacio para guardar tarjetas, bol\u00edgrafo, celular y llaves. Compartimento Principal con espacio para Lap Top. El grabado l\u00e1ser se coloca en una discreta placa met\u00e1lica<br \/>\nen la bolsa frontal. Tira cierres con marca presente. Asas de colgar acolchadas. Se entrega en bolsa individual de pl\u00e1stico con cierre herm\u00e9tico para su mayor protecci\u00f3n.<\/p>\n","protected":false},"excerpt":{"rendered":"<p>Mochila marca Wagner, fabricada en poli\u00e9ster bal\u00edstico de alta resistencia. Negra con detalles en color Rojo o Azul. Bolsas laterales con malla. Gran bolsa al frente con espacio para guardar tarjetas, bol\u00edgrafo, celular y llaves. Compartimento Principal con espacio para Lap Top. El grabado l\u00e1ser se coloca en una discreta placa met\u00e1lica<br \/>\nen la bolsa frontal. Tira cierres con marca presente. Asas de colgar acolchadas. Se entrega en bolsa individual de pl\u00e1stico con cierre herm\u00e9tico para su mayor protecci\u00f3n.<\/p>\n","protected":false},"featured_media":0,"comment_status":"closed","ping_status":"open","template":"","meta":[],"class_list":["post-17226","product","type-product","status-publish","hentry","product_cat-maletas-y-mochilas","product_cat-mochilas-y-portafolios","product_tag-g4"],"_links":{"self":[{"href":"http:\/\/119.8.7.19\/masterprom\/wp-json\/wp\/v2\/product\/17226","targetHints":{"allow":["GET"]}}],"collection":[{"href":"http:\/\/119.8.7.19\/masterprom\/wp-json\/wp\/v2\/product"}],"about":[{"href":"http:\/\/119.8.7.19\/masterprom\/wp-json\/wp\/v2\/types\/product"}],"replies":[{"embeddable":true,"href":"http:\/\/119.8.7.19\/masterprom\/wp-json\/wp\/v2\/comments?post=17226"}],"wp:attachment":[{"href":"http:\/\/119.8.7.19\/masterprom\/wp-json\/wp\/v2\/media?parent=17226"}],"curies":[{"name":"wp","href":"https:\/\/api.w.org\/{rel}","templated":true}]}}