{"id":17131,"date":"2021-04-20T00:37:02","date_gmt":"2021-04-20T05:37:02","guid":{"rendered":"http:\/\/119.8.7.19\/masterprom\/producto\/70-752-2\/"},"modified":"2021-04-20T00:37:02","modified_gmt":"2021-04-20T05:37:02","slug":"70-752-2","status":"publish","type":"product","link":"http:\/\/119.8.7.19\/masterprom\/producto\/70-752-2\/","title":{"rendered":"70-752"},"content":{"rendered":"<p>Framework chrome la l\u00ednea &#8220;framework&#8221; se refiere a los contrastes. la silueta redondeada tiene una esencia cl\u00e1sica, pero los tratamientos superficiales son decididamente contempor\u00e1neos. est\u00e1 hecho a mano en una combinaci\u00f3n de varias texturas de cromo entre chapas brillantes y cepilladas &#8211; Hugo BossDia. 5 x 26 \/ Ring: 36 mm<\/p>\n","protected":false},"excerpt":{"rendered":"<p>Framework chrome la l\u00ednea &#8220;framework&#8221; se refiere a los contrastes. la silueta redondeada tiene una esencia cl\u00e1sica, pero los tratamientos superficiales son decididamente contempor\u00e1neos. est\u00e1 hecho a mano en una combinaci\u00f3n de varias texturas de cromo entre chapas brillantes y cepilladas &#8211; Hugo BossDia. 5 x 26 \/ Ring: 36 mm<\/p>\n","protected":false},"featured_media":0,"comment_status":"closed","ping_status":"open","template":"","meta":[],"class_list":["post-17131","product","type-product","status-publish","hentry","product_cat-llaveros","product_cat-metalicos","product_tag-blestar","pa_detalle-especifico-dia-5-x-26-ring-36-mm"],"_links":{"self":[{"href":"http:\/\/119.8.7.19\/masterprom\/wp-json\/wp\/v2\/product\/17131","targetHints":{"allow":["GET"]}}],"collection":[{"href":"http:\/\/119.8.7.19\/masterprom\/wp-json\/wp\/v2\/product"}],"about":[{"href":"http:\/\/119.8.7.19\/masterprom\/wp-json\/wp\/v2\/types\/product"}],"replies":[{"embeddable":true,"href":"http:\/\/119.8.7.19\/masterprom\/wp-json\/wp\/v2\/comments?post=17131"}],"wp:attachment":[{"href":"http:\/\/119.8.7.19\/masterprom\/wp-json\/wp\/v2\/media?parent=17131"}],"curies":[{"name":"wp","href":"https:\/\/api.w.org\/{rel}","templated":true}]}}