{"id":17110,"date":"2021-04-20T00:36:59","date_gmt":"2021-04-20T05:36:59","guid":{"rendered":"http:\/\/119.8.7.19\/masterprom\/producto\/llm2463\/"},"modified":"2021-04-20T00:36:59","modified_gmt":"2021-04-20T05:36:59","slug":"llm2463","status":"publish","type":"product","link":"http:\/\/119.8.7.19\/masterprom\/producto\/llm2463\/","title":{"rendered":"LLM2463"},"content":{"rendered":"<p>Llavero met\u00e1lico en forma de avi\u00f3n, con argolla r\u00edgida giratoria, cierre a presi\u00f3n.<\/p>\n","protected":false},"excerpt":{"rendered":"<p>Llavero met\u00e1lico en forma de avi\u00f3n, con argolla r\u00edgida giratoria, cierre a presi\u00f3n.<\/p>\n","protected":false},"featured_media":0,"comment_status":"closed","ping_status":"open","template":"","meta":[],"class_list":["post-17110","product","type-product","status-publish","hentry","product_cat-llaveros","product_cat-metalicos","product_tag-winideas"],"_links":{"self":[{"href":"http:\/\/119.8.7.19\/masterprom\/wp-json\/wp\/v2\/product\/17110","targetHints":{"allow":["GET"]}}],"collection":[{"href":"http:\/\/119.8.7.19\/masterprom\/wp-json\/wp\/v2\/product"}],"about":[{"href":"http:\/\/119.8.7.19\/masterprom\/wp-json\/wp\/v2\/types\/product"}],"replies":[{"embeddable":true,"href":"http:\/\/119.8.7.19\/masterprom\/wp-json\/wp\/v2\/comments?post=17110"}],"wp:attachment":[{"href":"http:\/\/119.8.7.19\/masterprom\/wp-json\/wp\/v2\/media?parent=17110"}],"curies":[{"name":"wp","href":"https:\/\/api.w.org\/{rel}","templated":true}]}}