{"id":17047,"date":"2021-04-20T00:32:01","date_gmt":"2021-04-20T05:32:01","guid":{"rendered":"http:\/\/119.8.7.19\/masterprom\/producto\/t490\/"},"modified":"2021-04-20T00:32:01","modified_gmt":"2021-04-20T05:32:01","slug":"t490","status":"publish","type":"product","link":"http:\/\/119.8.7.19\/masterprom\/producto\/t490\/","title":{"rendered":"T490"},"content":{"rendered":"<p>Set de accesorios para asador. Incluye: tenedor asador, cuchillo, espatula, pinza, brocha, 4 brochetas largas y 6 brochetas peque\u00f1as. Estuche de polyester con manija y tres hebillas pl\u00e1sticas para cerrar.\u00d8 9 x 46 cm. (cerrado) 60 x 46 cm. (abierto)<\/p>\n","protected":false},"excerpt":{"rendered":"<p>Set de accesorios para asador. Incluye: tenedor asador, cuchillo, espatula, pinza, brocha, 4 brochetas largas y 6 brochetas peque\u00f1as. Estuche de polyester con manija y tres hebillas pl\u00e1sticas para cerrar.\u00d8 9 x 46 cm. (cerrado) 60 x 46 cm. (abierto)<\/p>\n","protected":false},"featured_media":0,"comment_status":"closed","ping_status":"open","template":"","meta":[],"class_list":["post-17047","product","type-product","status-publish","hentry","product_cat-hogar","product_cat-set-de-bbq-y-asador","product_tag-cdo","pa_detalle-especifico-o-9-x-46-cm-cerrado-60-x-46-cm-abierto"],"_links":{"self":[{"href":"http:\/\/119.8.7.19\/masterprom\/wp-json\/wp\/v2\/product\/17047","targetHints":{"allow":["GET"]}}],"collection":[{"href":"http:\/\/119.8.7.19\/masterprom\/wp-json\/wp\/v2\/product"}],"about":[{"href":"http:\/\/119.8.7.19\/masterprom\/wp-json\/wp\/v2\/types\/product"}],"replies":[{"embeddable":true,"href":"http:\/\/119.8.7.19\/masterprom\/wp-json\/wp\/v2\/comments?post=17047"}],"wp:attachment":[{"href":"http:\/\/119.8.7.19\/masterprom\/wp-json\/wp\/v2\/media?parent=17047"}],"curies":[{"name":"wp","href":"https:\/\/api.w.org\/{rel}","templated":true}]}}