{"id":17024,"date":"2021-04-20T00:31:53","date_gmt":"2021-04-20T05:31:53","guid":{"rendered":"http:\/\/119.8.7.19\/masterprom\/producto\/ba11311\/"},"modified":"2021-04-20T00:31:55","modified_gmt":"2021-04-20T05:31:55","slug":"ba11311","status":"publish","type":"product","link":"http:\/\/119.8.7.19\/masterprom\/producto\/ba11311\/","title":{"rendered":"BA11311"},"content":{"rendered":"<p>Set de sacacorchos p\/vino malbec, sacacorchos autom\u00e1tico fabricado en acero, dise\u00f1o ergon\u00f3mico apto para todo tipo de botellas. Incluye sacacorchos, soporte corta c\u00e1psulas y espiral de repuesto. Incluye caja de regalo.<\/p>\n","protected":false},"excerpt":{"rendered":"<p>Set de sacacorchos p\/vino malbec, sacacorchos autom\u00e1tico fabricado en acero, dise\u00f1o ergon\u00f3mico apto para todo tipo de botellas. Incluye sacacorchos, soporte corta c\u00e1psulas y espiral de repuesto. Incluye caja de regalo.<\/p>\n","protected":false},"featured_media":0,"comment_status":"closed","ping_status":"open","template":"","meta":[],"class_list":["post-17024","product","type-product","status-publish","hentry","product_cat-bar","product_cat-hogar","product_tag-promoline"],"_links":{"self":[{"href":"http:\/\/119.8.7.19\/masterprom\/wp-json\/wp\/v2\/product\/17024","targetHints":{"allow":["GET"]}}],"collection":[{"href":"http:\/\/119.8.7.19\/masterprom\/wp-json\/wp\/v2\/product"}],"about":[{"href":"http:\/\/119.8.7.19\/masterprom\/wp-json\/wp\/v2\/types\/product"}],"replies":[{"embeddable":true,"href":"http:\/\/119.8.7.19\/masterprom\/wp-json\/wp\/v2\/comments?post=17024"}],"wp:attachment":[{"href":"http:\/\/119.8.7.19\/masterprom\/wp-json\/wp\/v2\/media?parent=17024"}],"curies":[{"name":"wp","href":"https:\/\/api.w.org\/{rel}","templated":true}]}}