{"id":16830,"date":"2021-04-20T00:26:06","date_gmt":"2021-04-20T05:26:06","guid":{"rendered":"http:\/\/119.8.7.19\/masterprom\/producto\/her-027\/"},"modified":"2021-04-20T00:26:07","modified_gmt":"2021-04-20T05:26:07","slug":"her-027","status":"publish","type":"product","link":"http:\/\/119.8.7.19\/masterprom\/producto\/her-027\/","title":{"rendered":"HER-027"},"content":{"rendered":"<p>Compresor de aire oriol (compresor de aire para autom\u00f3vil, 150 psi. incluye desarmador con 10 diferentes puntas, 1 v\u00e1lvula y 2 boquillas. Para su funcionamiento es necesario conectar al encendedor del autom\u00f3vil. )<\/p>\n","protected":false},"excerpt":{"rendered":"<p>Compresor de aire oriol (compresor de aire para autom\u00f3vil, 150 psi. incluye desarmador con 10 diferentes puntas, 1 v\u00e1lvula y 2 boquillas. Para su funcionamiento es necesario conectar al encendedor del autom\u00f3vil. )<\/p>\n","protected":false},"featured_media":0,"comment_status":"closed","ping_status":"open","template":"","meta":[],"class_list":["post-16830","product","type-product","status-publish","hentry","product_cat-herramientas","product_tag-promoopcion"],"_links":{"self":[{"href":"http:\/\/119.8.7.19\/masterprom\/wp-json\/wp\/v2\/product\/16830","targetHints":{"allow":["GET"]}}],"collection":[{"href":"http:\/\/119.8.7.19\/masterprom\/wp-json\/wp\/v2\/product"}],"about":[{"href":"http:\/\/119.8.7.19\/masterprom\/wp-json\/wp\/v2\/types\/product"}],"replies":[{"embeddable":true,"href":"http:\/\/119.8.7.19\/masterprom\/wp-json\/wp\/v2\/comments?post=16830"}],"wp:attachment":[{"href":"http:\/\/119.8.7.19\/masterprom\/wp-json\/wp\/v2\/media?parent=16830"}],"curies":[{"name":"wp","href":"https:\/\/api.w.org\/{rel}","templated":true}]}}