{"id":16825,"date":"2021-04-20T00:26:15","date_gmt":"2021-04-20T05:26:15","guid":{"rendered":"http:\/\/119.8.7.19\/masterprom\/producto\/hr51007\/"},"modified":"2021-04-20T00:26:16","modified_gmt":"2021-04-20T05:26:16","slug":"hr51007","status":"publish","type":"product","link":"http:\/\/119.8.7.19\/masterprom\/producto\/hr51007\/","title":{"rendered":"HR51007"},"content":{"rendered":"<p>Lampara spidey 8 en 1 c\/bater\u00eda, Luz LED, 3 tornillos cabeza Phillips, 3 tornillos de cabeza plana y una herramienta de lupa peque\u00f1a con tornillo en la tapa. Presione el bot\u00f3n una vez para la l\u00e1mpara y otra vez para que el LED ilumine las herramientas. Tres bater\u00edas AAA incluidas.<\/p>\n","protected":false},"excerpt":{"rendered":"<p>Lampara spidey 8 en 1 c\/bater\u00eda, Luz LED, 3 tornillos cabeza Phillips, 3 tornillos de cabeza plana y una herramienta de lupa peque\u00f1a con tornillo en la tapa. Presione el bot\u00f3n una vez para la l\u00e1mpara y otra vez para que el LED ilumine las herramientas. Tres bater\u00edas AAA incluidas.<\/p>\n","protected":false},"featured_media":0,"comment_status":"closed","ping_status":"open","template":"","meta":[],"class_list":["post-16825","product","type-product","status-publish","hentry","product_cat-herramientas","product_cat-linternas","product_tag-promoline"],"_links":{"self":[{"href":"http:\/\/119.8.7.19\/masterprom\/wp-json\/wp\/v2\/product\/16825","targetHints":{"allow":["GET"]}}],"collection":[{"href":"http:\/\/119.8.7.19\/masterprom\/wp-json\/wp\/v2\/product"}],"about":[{"href":"http:\/\/119.8.7.19\/masterprom\/wp-json\/wp\/v2\/types\/product"}],"replies":[{"embeddable":true,"href":"http:\/\/119.8.7.19\/masterprom\/wp-json\/wp\/v2\/comments?post=16825"}],"wp:attachment":[{"href":"http:\/\/119.8.7.19\/masterprom\/wp-json\/wp\/v2\/media?parent=16825"}],"curies":[{"name":"wp","href":"https:\/\/api.w.org\/{rel}","templated":true}]}}