{"id":16768,"date":"2021-04-20T00:20:27","date_gmt":"2021-04-20T05:20:27","guid":{"rendered":"http:\/\/119.8.7.19\/masterprom\/producto\/fre-tra\/"},"modified":"2021-04-20T00:20:29","modified_gmt":"2021-04-20T05:20:29","slug":"fre-tra","status":"publish","type":"product","link":"http:\/\/119.8.7.19\/masterprom\/producto\/fre-tra\/","title":{"rendered":"FRE-TRA"},"content":{"rendered":"<p>Bol\u00edgrafo de pl\u00e1stico multifuncional. Cuenta con un grip para mayor comodidad en la escritura. Cuerpo transl\u00facido del mismo color del Clip y Grip. Mecanismo retr\u00e1ctil. Tinta negra, Tinta Azul, y Tinta Roja.<\/p>\n","protected":false},"excerpt":{"rendered":"<p>Bol\u00edgrafo de pl\u00e1stico multifuncional. Cuenta con un grip para mayor comodidad en la escritura. Cuerpo transl\u00facido del mismo color del Clip y Grip. Mecanismo retr\u00e1ctil. Tinta negra, Tinta Azul, y Tinta Roja.<\/p>\n","protected":false},"featured_media":0,"comment_status":"closed","ping_status":"open","template":"","meta":[],"class_list":["post-16768","product","type-product","status-publish","hentry","product_cat-boligrafos-multifuncionales","product_cat-escritura","product_tag-g4"],"_links":{"self":[{"href":"http:\/\/119.8.7.19\/masterprom\/wp-json\/wp\/v2\/product\/16768","targetHints":{"allow":["GET"]}}],"collection":[{"href":"http:\/\/119.8.7.19\/masterprom\/wp-json\/wp\/v2\/product"}],"about":[{"href":"http:\/\/119.8.7.19\/masterprom\/wp-json\/wp\/v2\/types\/product"}],"replies":[{"embeddable":true,"href":"http:\/\/119.8.7.19\/masterprom\/wp-json\/wp\/v2\/comments?post=16768"}],"wp:attachment":[{"href":"http:\/\/119.8.7.19\/masterprom\/wp-json\/wp\/v2\/media?parent=16768"}],"curies":[{"name":"wp","href":"https:\/\/api.w.org\/{rel}","templated":true}]}}