{"id":16732,"date":"2021-04-20T00:20:24","date_gmt":"2021-04-20T05:20:24","guid":{"rendered":"http:\/\/119.8.7.19\/masterprom\/producto\/bmp001-2\/"},"modified":"2021-04-20T00:20:24","modified_gmt":"2021-04-20T05:20:24","slug":"bmp001-2","status":"publish","type":"product","link":"http:\/\/119.8.7.19\/masterprom\/producto\/bmp001-2\/","title":{"rendered":"BMP001"},"content":{"rendered":"<p>Bol\u00edgrafo de bamb\u00fa con clip met\u00e1lico.<\/p>\n","protected":false},"excerpt":{"rendered":"<p>Bol\u00edgrafo de bamb\u00fa con clip met\u00e1lico.<\/p>\n","protected":false},"featured_media":0,"comment_status":"closed","ping_status":"open","template":"","meta":[],"class_list":["post-16732","product","type-product","status-publish","hentry","product_cat-boligrafos-ecologicos","product_cat-escritura","product_tag-4-promotional"],"_links":{"self":[{"href":"http:\/\/119.8.7.19\/masterprom\/wp-json\/wp\/v2\/product\/16732","targetHints":{"allow":["GET"]}}],"collection":[{"href":"http:\/\/119.8.7.19\/masterprom\/wp-json\/wp\/v2\/product"}],"about":[{"href":"http:\/\/119.8.7.19\/masterprom\/wp-json\/wp\/v2\/types\/product"}],"replies":[{"embeddable":true,"href":"http:\/\/119.8.7.19\/masterprom\/wp-json\/wp\/v2\/comments?post=16732"}],"wp:attachment":[{"href":"http:\/\/119.8.7.19\/masterprom\/wp-json\/wp\/v2\/media?parent=16732"}],"curies":[{"name":"wp","href":"https:\/\/api.w.org\/{rel}","templated":true}]}}