{"id":16671,"date":"2021-04-20T00:20:14","date_gmt":"2021-04-20T05:20:14","guid":{"rendered":"http:\/\/119.8.7.19\/masterprom\/producto\/duc-met\/"},"modified":"2021-04-20T00:20:15","modified_gmt":"2021-04-20T05:20:15","slug":"duc-met","status":"publish","type":"product","link":"http:\/\/119.8.7.19\/masterprom\/producto\/duc-met\/","title":{"rendered":"DUC-MET"},"content":{"rendered":"<p>Bol\u00edgrafo met\u00e1lico con cuerpo en acabados brillantes y detalles cromados. Tap\u00f3n con cierre de rosca. El clip cuenta con un resorte que facilita su apertura. Escritura de alto desempe\u00f1o debido a su repuesto japon\u00e9s tipo roller (a elegir entre tinta negra o azul).<br \/>\nIncluye estuche individual.<\/p>\n","protected":false},"excerpt":{"rendered":"<p>Bol\u00edgrafo met\u00e1lico con cuerpo en acabados brillantes y detalles cromados. Tap\u00f3n con cierre de rosca. El clip cuenta con un resorte que facilita su apertura. Escritura de alto desempe\u00f1o debido a su repuesto japon\u00e9s tipo roller (a elegir entre tinta negra o azul).<br \/>\nIncluye estuche individual.<\/p>\n","protected":false},"featured_media":0,"comment_status":"closed","ping_status":"open","template":"","meta":[],"class_list":["post-16671","product","type-product","status-publish","hentry","product_cat-boligrafos-metalicos","product_cat-escritura","product_tag-g4"],"_links":{"self":[{"href":"http:\/\/119.8.7.19\/masterprom\/wp-json\/wp\/v2\/product\/16671","targetHints":{"allow":["GET"]}}],"collection":[{"href":"http:\/\/119.8.7.19\/masterprom\/wp-json\/wp\/v2\/product"}],"about":[{"href":"http:\/\/119.8.7.19\/masterprom\/wp-json\/wp\/v2\/types\/product"}],"replies":[{"embeddable":true,"href":"http:\/\/119.8.7.19\/masterprom\/wp-json\/wp\/v2\/comments?post=16671"}],"wp:attachment":[{"href":"http:\/\/119.8.7.19\/masterprom\/wp-json\/wp\/v2\/media?parent=16671"}],"curies":[{"name":"wp","href":"https:\/\/api.w.org\/{rel}","templated":true}]}}