{"id":16647,"date":"2021-04-20T00:20:08","date_gmt":"2021-04-20T05:20:08","guid":{"rendered":"http:\/\/119.8.7.19\/masterprom\/producto\/usb4870\/"},"modified":"2021-04-20T00:20:10","modified_gmt":"2021-04-20T05:20:10","slug":"usb4870","status":"publish","type":"product","link":"http:\/\/119.8.7.19\/masterprom\/producto\/usb4870\/","title":{"rendered":"USB4870"},"content":{"rendered":"<p>Bol\u00edgrafo de dos piezas, bol\u00edgrafo y USB de 4GB con punta touch. Incluye estuche met\u00e1lico. Medidas del estuche: 17.8 x 6 cm.<\/p>\n","protected":false},"excerpt":{"rendered":"<p>Bol\u00edgrafo de dos piezas, bol\u00edgrafo y USB de 4GB con punta touch. Incluye estuche met\u00e1lico. Medidas del estuche: 17.8 x 6 cm.<\/p>\n","protected":false},"featured_media":0,"comment_status":"closed","ping_status":"open","template":"","meta":[],"class_list":["post-16647","product","type-product","status-publish","hentry","product_cat-boligrafos-metalicos","product_cat-escritura","product_tag-winideas"],"_links":{"self":[{"href":"http:\/\/119.8.7.19\/masterprom\/wp-json\/wp\/v2\/product\/16647","targetHints":{"allow":["GET"]}}],"collection":[{"href":"http:\/\/119.8.7.19\/masterprom\/wp-json\/wp\/v2\/product"}],"about":[{"href":"http:\/\/119.8.7.19\/masterprom\/wp-json\/wp\/v2\/types\/product"}],"replies":[{"embeddable":true,"href":"http:\/\/119.8.7.19\/masterprom\/wp-json\/wp\/v2\/comments?post=16647"}],"wp:attachment":[{"href":"http:\/\/119.8.7.19\/masterprom\/wp-json\/wp\/v2\/media?parent=16647"}],"curies":[{"name":"wp","href":"https:\/\/api.w.org\/{rel}","templated":true}]}}