{"id":16601,"date":"2021-04-20T00:20:02","date_gmt":"2021-04-20T05:20:02","guid":{"rendered":"http:\/\/119.8.7.19\/masterprom\/producto\/sh-1415\/"},"modified":"2021-04-20T00:20:03","modified_gmt":"2021-04-20T05:20:03","slug":"sh-1415","status":"publish","type":"product","link":"http:\/\/119.8.7.19\/masterprom\/producto\/sh-1415\/","title":{"rendered":"SH-1415"},"content":{"rendered":"<p>Bol\u00edgrafo Arrow (bol\u00edgrafo con tap\u00f3n.)<\/p>\n","protected":false},"excerpt":{"rendered":"<p>Bol\u00edgrafo Arrow (bol\u00edgrafo con tap\u00f3n.)<\/p>\n","protected":false},"featured_media":0,"comment_status":"closed","ping_status":"open","template":"","meta":[],"class_list":["post-16601","product","type-product","status-publish","hentry","product_cat-boligrafos-plastico","product_cat-escritura","product_tag-promoopcion"],"_links":{"self":[{"href":"http:\/\/119.8.7.19\/masterprom\/wp-json\/wp\/v2\/product\/16601","targetHints":{"allow":["GET"]}}],"collection":[{"href":"http:\/\/119.8.7.19\/masterprom\/wp-json\/wp\/v2\/product"}],"about":[{"href":"http:\/\/119.8.7.19\/masterprom\/wp-json\/wp\/v2\/types\/product"}],"replies":[{"embeddable":true,"href":"http:\/\/119.8.7.19\/masterprom\/wp-json\/wp\/v2\/comments?post=16601"}],"wp:attachment":[{"href":"http:\/\/119.8.7.19\/masterprom\/wp-json\/wp\/v2\/media?parent=16601"}],"curies":[{"name":"wp","href":"https:\/\/api.w.org\/{rel}","templated":true}]}}