{"id":16507,"date":"2021-04-20T00:19:44","date_gmt":"2021-04-20T05:19:44","guid":{"rendered":"http:\/\/119.8.7.19\/masterprom\/producto\/a2324a\/"},"modified":"2021-04-20T00:19:46","modified_gmt":"2021-04-20T05:19:46","slug":"a2324a","status":"publish","type":"product","link":"http:\/\/119.8.7.19\/masterprom\/producto\/a2324a\/","title":{"rendered":"A2324A"},"content":{"rendered":"<p>Bol\u00edgrafo de pl\u00e1stico de cuerpo plano con cubierta adherible en la parte de atr\u00e1s, para ser colocado en escritorios, recepciones y superficies planas. Cuenta con cuerda el\u00e1stica que se articula a la base del pl\u00e1stico. Puede ser colocado de manera horizontal o vertical. Con tapa de pl\u00e1stico en la punta del bol\u00edgrafo.<\/p>\n","protected":false},"excerpt":{"rendered":"<p>Bol\u00edgrafo de pl\u00e1stico de cuerpo plano con cubierta adherible en la parte de atr\u00e1s, para ser colocado en escritorios, recepciones y superficies planas. Cuenta con cuerda el\u00e1stica que se articula a la base del pl\u00e1stico. Puede ser colocado de manera horizontal o vertical. Con tapa de pl\u00e1stico en la punta del bol\u00edgrafo.<\/p>\n","protected":false},"featured_media":0,"comment_status":"closed","ping_status":"open","template":"","meta":[],"class_list":["post-16507","product","type-product","status-publish","hentry","product_cat-boligrafos-plastico","product_cat-escritura","product_tag-winideas"],"_links":{"self":[{"href":"http:\/\/119.8.7.19\/masterprom\/wp-json\/wp\/v2\/product\/16507","targetHints":{"allow":["GET"]}}],"collection":[{"href":"http:\/\/119.8.7.19\/masterprom\/wp-json\/wp\/v2\/product"}],"about":[{"href":"http:\/\/119.8.7.19\/masterprom\/wp-json\/wp\/v2\/types\/product"}],"replies":[{"embeddable":true,"href":"http:\/\/119.8.7.19\/masterprom\/wp-json\/wp\/v2\/comments?post=16507"}],"wp:attachment":[{"href":"http:\/\/119.8.7.19\/masterprom\/wp-json\/wp\/v2\/media?parent=16507"}],"curies":[{"name":"wp","href":"https:\/\/api.w.org\/{rel}","templated":true}]}}