{"id":16480,"date":"2021-04-20T00:19:40","date_gmt":"2021-04-20T05:19:40","guid":{"rendered":"http:\/\/119.8.7.19\/masterprom\/producto\/bp-7435b\/"},"modified":"2021-04-22T09:53:34","modified_gmt":"2021-04-22T14:53:34","slug":"bp-7435b","status":"publish","type":"product","link":"http:\/\/119.8.7.19\/masterprom\/producto\/bp-7435b\/","title":{"rendered":"BP-7435B"},"content":{"rendered":"<p>Bol\u00edgrafo de pl\u00e1stico con mecanismo retr\u00e1ctil.<\/p>\n","protected":false},"excerpt":{"rendered":"<p>Bol\u00edgrafo de pl\u00e1stico con mecanismo retr\u00e1ctil.<\/p>\n","protected":false},"featured_media":18644,"comment_status":"closed","ping_status":"closed","template":"","meta":[],"class_list":["post-16480","product","type-product","status-publish","has-post-thumbnail","hentry","product_cat-boligrafos-plastico","product_cat-escritura","product_tag-4-promotional"],"_links":{"self":[{"href":"http:\/\/119.8.7.19\/masterprom\/wp-json\/wp\/v2\/product\/16480","targetHints":{"allow":["GET"]}}],"collection":[{"href":"http:\/\/119.8.7.19\/masterprom\/wp-json\/wp\/v2\/product"}],"about":[{"href":"http:\/\/119.8.7.19\/masterprom\/wp-json\/wp\/v2\/types\/product"}],"replies":[{"embeddable":true,"href":"http:\/\/119.8.7.19\/masterprom\/wp-json\/wp\/v2\/comments?post=16480"}],"wp:featuredmedia":[{"embeddable":true,"href":"http:\/\/119.8.7.19\/masterprom\/wp-json\/wp\/v2\/media\/18644"}],"wp:attachment":[{"href":"http:\/\/119.8.7.19\/masterprom\/wp-json\/wp\/v2\/media?parent=16480"}],"curies":[{"name":"wp","href":"https:\/\/api.w.org\/{rel}","templated":true}]}}