{"id":16474,"date":"2021-04-20T00:19:40","date_gmt":"2021-04-20T05:19:40","guid":{"rendered":"http:\/\/119.8.7.19\/masterprom\/producto\/bp-2173b\/"},"modified":"2021-04-22T09:49:36","modified_gmt":"2021-04-22T14:49:36","slug":"bp-2173b","status":"publish","type":"product","link":"http:\/\/119.8.7.19\/masterprom\/producto\/bp-2173b\/","title":{"rendered":"BP-2173B"},"content":{"rendered":"<p>Bol\u00edgrafo de pl\u00e1stico con clip met\u00e1lico y grip de goma.<\/p>\n","protected":false},"excerpt":{"rendered":"<p>Bol\u00edgrafo de pl\u00e1stico con clip met\u00e1lico y grip de goma.<\/p>\n","protected":false},"featured_media":18628,"comment_status":"closed","ping_status":"closed","template":"","meta":[],"class_list":["post-16474","product","type-product","status-publish","has-post-thumbnail","hentry","product_cat-boligrafos-plastico","product_cat-escritura","product_tag-4-promotional"],"_links":{"self":[{"href":"http:\/\/119.8.7.19\/masterprom\/wp-json\/wp\/v2\/product\/16474","targetHints":{"allow":["GET"]}}],"collection":[{"href":"http:\/\/119.8.7.19\/masterprom\/wp-json\/wp\/v2\/product"}],"about":[{"href":"http:\/\/119.8.7.19\/masterprom\/wp-json\/wp\/v2\/types\/product"}],"replies":[{"embeddable":true,"href":"http:\/\/119.8.7.19\/masterprom\/wp-json\/wp\/v2\/comments?post=16474"}],"wp:featuredmedia":[{"embeddable":true,"href":"http:\/\/119.8.7.19\/masterprom\/wp-json\/wp\/v2\/media\/18628"}],"wp:attachment":[{"href":"http:\/\/119.8.7.19\/masterprom\/wp-json\/wp\/v2\/media?parent=16474"}],"curies":[{"name":"wp","href":"https:\/\/api.w.org\/{rel}","templated":true}]}}