{"id":16472,"date":"2021-04-20T00:19:40","date_gmt":"2021-04-20T05:19:40","guid":{"rendered":"http:\/\/119.8.7.19\/masterprom\/producto\/gl-19014\/"},"modified":"2021-04-20T00:19:41","modified_gmt":"2021-04-20T05:19:41","slug":"gl-19014","status":"publish","type":"product","link":"http:\/\/119.8.7.19\/masterprom\/producto\/gl-19014\/","title":{"rendered":"GL-19014"},"content":{"rendered":"<p>Bol\u00edgrafo de pl\u00e1stico con tinta gel, apariencia met\u00e1lica y clip met\u00e1lico.<\/p>\n","protected":false},"excerpt":{"rendered":"<p>Bol\u00edgrafo de pl\u00e1stico con tinta gel, apariencia met\u00e1lica y clip met\u00e1lico.<\/p>\n","protected":false},"featured_media":0,"comment_status":"closed","ping_status":"open","template":"","meta":[],"class_list":["post-16472","product","type-product","status-publish","hentry","product_cat-boligrafos-plastico","product_cat-escritura","product_tag-4-promotional"],"_links":{"self":[{"href":"http:\/\/119.8.7.19\/masterprom\/wp-json\/wp\/v2\/product\/16472","targetHints":{"allow":["GET"]}}],"collection":[{"href":"http:\/\/119.8.7.19\/masterprom\/wp-json\/wp\/v2\/product"}],"about":[{"href":"http:\/\/119.8.7.19\/masterprom\/wp-json\/wp\/v2\/types\/product"}],"replies":[{"embeddable":true,"href":"http:\/\/119.8.7.19\/masterprom\/wp-json\/wp\/v2\/comments?post=16472"}],"wp:attachment":[{"href":"http:\/\/119.8.7.19\/masterprom\/wp-json\/wp\/v2\/media?parent=16472"}],"curies":[{"name":"wp","href":"https:\/\/api.w.org\/{rel}","templated":true}]}}