{"id":16454,"date":"2021-04-20T00:13:52","date_gmt":"2021-04-20T05:13:52","guid":{"rendered":"http:\/\/119.8.7.19\/masterprom\/producto\/t460-2\/"},"modified":"2021-04-20T00:13:53","modified_gmt":"2021-04-20T05:13:53","slug":"t460-2","status":"publish","type":"product","link":"http:\/\/119.8.7.19\/masterprom\/producto\/t460-2\/","title":{"rendered":"T460"},"content":{"rendered":"<p>Set de oficina &#8220;k-win&#8221; incluye: block de hojas blancas, regla pl\u00e1stica transparente, 5 se\u00f1aladores de colores, autoadhesivos, bol\u00edgrafo de cart\u00f3n con punta, clip y pulsador de pl\u00e1stico negro.<\/p>\n","protected":false},"excerpt":{"rendered":"<p>Set de oficina &#8220;k-win&#8221; incluye: block de hojas blancas, regla pl\u00e1stica transparente, 5 se\u00f1aladores de colores, autoadhesivos, bol\u00edgrafo de cart\u00f3n con punta, clip y pulsador de pl\u00e1stico negro.<\/p>\n","protected":false},"featured_media":0,"comment_status":"closed","ping_status":"open","template":"","meta":[],"class_list":["post-16454","product","type-product","status-publish","hentry","product_cat-ecologicos","product_cat-notas-adhesivas-varios","product_tag-cdo"],"_links":{"self":[{"href":"http:\/\/119.8.7.19\/masterprom\/wp-json\/wp\/v2\/product\/16454","targetHints":{"allow":["GET"]}}],"collection":[{"href":"http:\/\/119.8.7.19\/masterprom\/wp-json\/wp\/v2\/product"}],"about":[{"href":"http:\/\/119.8.7.19\/masterprom\/wp-json\/wp\/v2\/types\/product"}],"replies":[{"embeddable":true,"href":"http:\/\/119.8.7.19\/masterprom\/wp-json\/wp\/v2\/comments?post=16454"}],"wp:attachment":[{"href":"http:\/\/119.8.7.19\/masterprom\/wp-json\/wp\/v2\/media?parent=16454"}],"curies":[{"name":"wp","href":"https:\/\/api.w.org\/{rel}","templated":true}]}}