{"id":16429,"date":"2021-04-20T00:13:49","date_gmt":"2021-04-20T05:13:49","guid":{"rendered":"http:\/\/119.8.7.19\/masterprom\/producto\/hl-2010-2\/"},"modified":"2021-04-20T00:13:49","modified_gmt":"2021-04-20T05:13:49","slug":"hl-2010-2","status":"publish","type":"product","link":"http:\/\/119.8.7.19\/masterprom\/producto\/hl-2010-2\/","title":{"rendered":"HL-2010"},"content":{"rendered":"<p>Libreta green planet (50 hojas de raya. incluye bol\u00edgrafo ecol\u00f3gico de cart\u00f3n reciclado.)<\/p>\n","protected":false},"excerpt":{"rendered":"<p>Libreta green planet (50 hojas de raya. incluye bol\u00edgrafo ecol\u00f3gico de cart\u00f3n reciclado.)<\/p>\n","protected":false},"featured_media":0,"comment_status":"closed","ping_status":"open","template":"","meta":[],"class_list":["post-16429","product","type-product","status-publish","hentry","product_cat-ecologicos","product_cat-libretas-ecologicos","product_tag-promoopcion"],"_links":{"self":[{"href":"http:\/\/119.8.7.19\/masterprom\/wp-json\/wp\/v2\/product\/16429","targetHints":{"allow":["GET"]}}],"collection":[{"href":"http:\/\/119.8.7.19\/masterprom\/wp-json\/wp\/v2\/product"}],"about":[{"href":"http:\/\/119.8.7.19\/masterprom\/wp-json\/wp\/v2\/types\/product"}],"replies":[{"embeddable":true,"href":"http:\/\/119.8.7.19\/masterprom\/wp-json\/wp\/v2\/comments?post=16429"}],"wp:attachment":[{"href":"http:\/\/119.8.7.19\/masterprom\/wp-json\/wp\/v2\/media?parent=16429"}],"curies":[{"name":"wp","href":"https:\/\/api.w.org\/{rel}","templated":true}]}}