{"id":16416,"date":"2021-04-20T00:13:45","date_gmt":"2021-04-20T05:13:45","guid":{"rendered":"http:\/\/119.8.7.19\/masterprom\/producto\/esc-303gir-2\/"},"modified":"2021-04-20T00:13:47","modified_gmt":"2021-04-20T05:13:47","slug":"esc-303gir-2","status":"publish","type":"product","link":"http:\/\/119.8.7.19\/masterprom\/producto\/esc-303gir-2\/","title":{"rendered":"ESC 303GIR"},"content":{"rendered":"<p>Libreta Funny Ni\u00f1a Libreta con hojas rayadas y bol\u00edgrafoCar\u00e1tula: 18 x 13 cm. | Bol\u00edgrafo: 14 x 1 cm.<\/p>\n","protected":false},"excerpt":{"rendered":"<p>Libreta Funny Ni\u00f1a Libreta con hojas rayadas y bol\u00edgrafoCar\u00e1tula: 18 x 13 cm. | Bol\u00edgrafo: 14 x 1 cm.<\/p>\n","protected":false},"featured_media":0,"comment_status":"closed","ping_status":"open","template":"","meta":[],"class_list":["post-16416","product","type-product","status-publish","hentry","product_cat-ecologicos","product_cat-libretas-ecologicos","product_tag-impressline","pa_detalle-especificp-boligrafo-14-x-1-cm","pa_detalle-especificp-caratula-18-x-13-cm"],"_links":{"self":[{"href":"http:\/\/119.8.7.19\/masterprom\/wp-json\/wp\/v2\/product\/16416","targetHints":{"allow":["GET"]}}],"collection":[{"href":"http:\/\/119.8.7.19\/masterprom\/wp-json\/wp\/v2\/product"}],"about":[{"href":"http:\/\/119.8.7.19\/masterprom\/wp-json\/wp\/v2\/types\/product"}],"replies":[{"embeddable":true,"href":"http:\/\/119.8.7.19\/masterprom\/wp-json\/wp\/v2\/comments?post=16416"}],"wp:attachment":[{"href":"http:\/\/119.8.7.19\/masterprom\/wp-json\/wp\/v2\/media?parent=16416"}],"curies":[{"name":"wp","href":"https:\/\/api.w.org\/{rel}","templated":true}]}}