{"id":16310,"date":"2021-04-20T00:09:03","date_gmt":"2021-04-20T05:09:03","guid":{"rendered":"http:\/\/119.8.7.19\/masterprom\/producto\/a2176\/"},"modified":"2021-04-20T00:09:04","modified_gmt":"2021-04-20T05:09:04","slug":"a2176","status":"publish","type":"product","link":"http:\/\/119.8.7.19\/masterprom\/producto\/a2176\/","title":{"rendered":"A2176"},"content":{"rendered":"<p>Paraguas con forro de protecci\u00f3n UV, varillas reforzadas, mango ergon\u00f3mico de pl\u00e1stico color negro para mejor sujeci\u00f3n. Apertura autom\u00e1tica.<\/p>\n","protected":false},"excerpt":{"rendered":"<p>Paraguas con forro de protecci\u00f3n UV, varillas reforzadas, mango ergon\u00f3mico de pl\u00e1stico color negro para mejor sujeci\u00f3n. Apertura autom\u00e1tica.999<\/p>\n","protected":false},"featured_media":0,"comment_status":"closed","ping_status":"open","template":"","meta":[],"class_list":["post-16310","product","type-product","status-publish","hentry","product_cat-clima","product_cat-paraguas","product_tag-winideas"],"_links":{"self":[{"href":"http:\/\/119.8.7.19\/masterprom\/wp-json\/wp\/v2\/product\/16310","targetHints":{"allow":["GET"]}}],"collection":[{"href":"http:\/\/119.8.7.19\/masterprom\/wp-json\/wp\/v2\/product"}],"about":[{"href":"http:\/\/119.8.7.19\/masterprom\/wp-json\/wp\/v2\/types\/product"}],"replies":[{"embeddable":true,"href":"http:\/\/119.8.7.19\/masterprom\/wp-json\/wp\/v2\/comments?post=16310"}],"wp:attachment":[{"href":"http:\/\/119.8.7.19\/masterprom\/wp-json\/wp\/v2\/media?parent=16310"}],"curies":[{"name":"wp","href":"https:\/\/api.w.org\/{rel}","templated":true}]}}