{"id":16282,"date":"2021-04-20T00:02:36","date_gmt":"2021-04-20T05:02:36","guid":{"rendered":"http:\/\/119.8.7.19\/masterprom\/producto\/05-019\/"},"modified":"2021-04-20T00:02:38","modified_gmt":"2021-04-20T05:02:38","slug":"05-019","status":"publish","type":"product","link":"http:\/\/119.8.7.19\/masterprom\/producto\/05-019\/","title":{"rendered":"05-019"},"content":{"rendered":"<p>Fresh tapa de silic\u00f3n, tarro con tapa de silic\u00f3n y popote. la tapa incluye taponcito para evitar derramar l\u00edquido, cap. 400 mls<\/p>\n","protected":false},"excerpt":{"rendered":"<p>Fresh tapa de silic\u00f3n, tarro con tapa de silic\u00f3n y popote. la tapa incluye taponcito para evitar derramar l\u00edquido, cap. 400 mls<\/p>\n","protected":false},"featured_media":0,"comment_status":"closed","ping_status":"open","template":"","meta":[],"class_list":["post-16282","product","type-product","status-publish","hentry","product_cat-bebidas","product_cat-tazas-y-tarros","product_tag-blestar"],"_links":{"self":[{"href":"http:\/\/119.8.7.19\/masterprom\/wp-json\/wp\/v2\/product\/16282","targetHints":{"allow":["GET"]}}],"collection":[{"href":"http:\/\/119.8.7.19\/masterprom\/wp-json\/wp\/v2\/product"}],"about":[{"href":"http:\/\/119.8.7.19\/masterprom\/wp-json\/wp\/v2\/types\/product"}],"replies":[{"embeddable":true,"href":"http:\/\/119.8.7.19\/masterprom\/wp-json\/wp\/v2\/comments?post=16282"}],"wp:attachment":[{"href":"http:\/\/119.8.7.19\/masterprom\/wp-json\/wp\/v2\/media?parent=16282"}],"curies":[{"name":"wp","href":"https:\/\/api.w.org\/{rel}","templated":true}]}}