{"id":16106,"date":"2021-04-20T00:02:09","date_gmt":"2021-04-20T05:02:09","guid":{"rendered":"http:\/\/119.8.7.19\/masterprom\/producto\/bb72013\/"},"modified":"2021-04-20T00:02:10","modified_gmt":"2021-04-20T05:02:10","slug":"bb72013","status":"publish","type":"product","link":"http:\/\/119.8.7.19\/masterprom\/producto\/bb72013\/","title":{"rendered":"BB72013"},"content":{"rendered":"<p>Cilindro Trit\u00e1n\/Cristal Spirit 500 ml. &#8211; Cilindro de doble pared con pl\u00e1stico Trit\u00e1n e interior de cristal, cierre herm\u00e9tico con silic\u00f3n, tama\u00f1o ideal para transportar en el autom\u00f3vil, libre de BPA.<\/p>\n","protected":false},"excerpt":{"rendered":"<p>Cilindro Trit\u00e1n\/Cristal Spirit 500 ml. &#8211; Cilindro de doble pared con pl\u00e1stico Trit\u00e1n e interior de cristal, cierre herm\u00e9tico con silic\u00f3n, tama\u00f1o ideal para transportar en el autom\u00f3vil, libre de BPA.<\/p>\n","protected":false},"featured_media":0,"comment_status":"closed","ping_status":"open","template":"","meta":[],"class_list":["post-16106","product","type-product","status-publish","hentry","product_cat-bebidas","product_cat-cilindros","product_tag-promoline"],"_links":{"self":[{"href":"http:\/\/119.8.7.19\/masterprom\/wp-json\/wp\/v2\/product\/16106","targetHints":{"allow":["GET"]}}],"collection":[{"href":"http:\/\/119.8.7.19\/masterprom\/wp-json\/wp\/v2\/product"}],"about":[{"href":"http:\/\/119.8.7.19\/masterprom\/wp-json\/wp\/v2\/types\/product"}],"replies":[{"embeddable":true,"href":"http:\/\/119.8.7.19\/masterprom\/wp-json\/wp\/v2\/comments?post=16106"}],"wp:attachment":[{"href":"http:\/\/119.8.7.19\/masterprom\/wp-json\/wp\/v2\/media?parent=16106"}],"curies":[{"name":"wp","href":"https:\/\/api.w.org\/{rel}","templated":true}]}}