{"id":16103,"date":"2021-04-20T00:02:30","date_gmt":"2021-04-20T05:02:30","guid":{"rendered":"http:\/\/119.8.7.19\/masterprom\/producto\/bb44021\/"},"modified":"2021-04-20T00:02:31","modified_gmt":"2021-04-20T05:02:31","slug":"bb44021","status":"publish","type":"product","link":"http:\/\/119.8.7.19\/masterprom\/producto\/bb44021\/","title":{"rendered":"BB44021"},"content":{"rendered":"<p>Vaso\/botella met\u00e1lico duo copper  de 650 ml. de doble pared met\u00e1lica y aislamiento de cobre, permite que su bebida permanezca fr\u00eda durante 24 horas y al menos 8 horas para bebidas calientes. Disfruta tus bebidas con el vaso que tiene una tapa con rosca y una abertura deslizable, o una botella con la parte superior enroscada con una tapa de acero inoxidable. Apertura amplia para llenarla con cubos de hielo f\u00e1cilmente.<\/p>\n","protected":false},"excerpt":{"rendered":"<p>Vaso\/botella met\u00e1lico duo copper  de 650 ml. de doble pared met\u00e1lica y aislamiento de cobre, permite que su bebida permanezca fr\u00eda durante 24 horas y al menos 8 horas para bebidas calientes. Disfruta tus bebidas con el vaso que tiene una tapa con rosca y una abertura deslizable, o una botella con la parte superior enroscada con una tapa de acero inoxidable. Apertura amplia para llenarla con cubos de hielo f\u00e1cilmente.<\/p>\n","protected":false},"featured_media":0,"comment_status":"closed","ping_status":"open","template":"","meta":[],"class_list":["post-16103","product","type-product","status-publish","hentry","product_cat-bebidas","product_cat-cilindros","product_cat-termos","product_cat-vasos","product_tag-promoline"],"_links":{"self":[{"href":"http:\/\/119.8.7.19\/masterprom\/wp-json\/wp\/v2\/product\/16103","targetHints":{"allow":["GET"]}}],"collection":[{"href":"http:\/\/119.8.7.19\/masterprom\/wp-json\/wp\/v2\/product"}],"about":[{"href":"http:\/\/119.8.7.19\/masterprom\/wp-json\/wp\/v2\/types\/product"}],"replies":[{"embeddable":true,"href":"http:\/\/119.8.7.19\/masterprom\/wp-json\/wp\/v2\/comments?post=16103"}],"wp:attachment":[{"href":"http:\/\/119.8.7.19\/masterprom\/wp-json\/wp\/v2\/media?parent=16103"}],"curies":[{"name":"wp","href":"https:\/\/api.w.org\/{rel}","templated":true}]}}